173.208.240.82 - - [28/May/2026:08:31:24 +0300] "GET /cf1988 HTTP/1.1" 200 134 "-" "Mozilla/5.0 (Windows NT 10.0; Win64; x64) AppleWebKit/537.36"
173.208.240.82 - - [28/May/2026:08:36:23 +0300] "GET /cf1988 HTTP/1.1" 200 134 "-" "Mozilla/5.0 (Windows NT 10.0; Win64; x64) AppleWebKit/537.36"
173.208.240.82 - - [28/May/2026:08:41:21 +0300] "GET /cf1988 HTTP/1.1" 200 134 "-" "Mozilla/5.0 (Windows NT 10.0; Win64; x64) AppleWebKit/537.36"
134.209.182.36 - - [28/May/2026:08:44:05 +0300] "POST /wp-login.php HTTP/1.1" 200 109950 "-" "Mozilla/5.0"
173.208.240.82 - - [28/May/2026:08:46:24 +0300] "GET /cf1988 HTTP/1.1" 200 134 "-" "Mozilla/5.0 (Windows NT 10.0; Win64; x64) AppleWebKit/537.36"
173.208.240.82 - - [28/May/2026:08:51:24 +0300] "GET /cf1988 HTTP/1.1" 200 134 "-" "Mozilla/5.0 (Windows NT 10.0; Win64; x64) AppleWebKit/537.36"
147.135.213.32 - - [28/May/2026:08:52:57 +0300] "GET /robots.txt HTTP/1.1" 200 110036 "-" "Mozilla/5.0 (compatible; MJ12bot/v1.4.8; http://mj12bot.com/)"
147.135.213.32 - - [28/May/2026:08:53:33 +0300] "GET /?edit=/home/eldalyfu/public_html/wp-activate.php&path=/home/eldalyfu/public_html HTTP/1.1" 200 3493 "-" "Mozilla/5.0 (compatible; MJ12bot/v1.4.8; http://mj12bot.com/)"
173.208.240.82 - - [28/May/2026:08:56:30 +0300] "GET /cf1988 HTTP/1.1" 200 134 "-" "Mozilla/5.0 (Windows NT 10.0; Win64; x64) AppleWebKit/537.36"
134.209.182.36 - - [28/May/2026:08:58:46 +0300] "POST /wp-login.php HTTP/1.1" 200 109950 "-" "Mozilla/5.0"
173.208.240.82 - - [28/May/2026:09:01:30 +0300] "GET /cf1988 HTTP/1.1" 200 134 "-" "Mozilla/5.0 (Windows NT 10.0; Win64; x64) AppleWebKit/537.36"
216.244.66.201 - - [28/May/2026:09:04:43 +0300] "GET /robots.txt HTTP/1.1" 200 110036 "-" "Mozilla/5.0 (compatible; DotBot/1.2; +https://opensiteexplorer.org/dotbot; help@moz.com)"
173.208.240.82 - - [28/May/2026:09:06:23 +0300] "GET /cf1988 HTTP/1.1" 200 134 "-" "Mozilla/5.0 (Windows NT 10.0; Win64; x64) AppleWebKit/537.36"
194.195.91.10 - - [28/May/2026:09:07:52 +0300] "POST /xmlrpc.php HTTP/1.1" 200 109953 "-" "Mozilla/5.0 (Windows NT 10.0; Win64; x64) AppleWebKit/537.36 (KHTML, like Gecko) Chrome/121.0.0.0 Safari/537.36 Edg/121.0.0.0"
194.195.91.10 - - [28/May/2026:09:07:56 +0300] "POST /xmlrpc.php HTTP/1.1" 200 109953 "-" "Mozilla/5.0 (Windows NT 10.0; Win64; x64) AppleWebKit/537.36 (KHTML, like Gecko) Chrome/121.0.0.0 Safari/537.36 Edg/121.0.0.0"
194.195.91.10 - - [28/May/2026:09:07:58 +0300] "POST /xmlrpc.php HTTP/1.1" 200 109953 "-" "Mozilla/5.0 (Windows NT 10.0; Win64; x64) AppleWebKit/537.36 (KHTML, like Gecko) Chrome/121.0.0.0 Safari/537.36 Edg/121.0.0.0"
194.195.91.10 - - [28/May/2026:09:08:00 +0300] "POST /xmlrpc.php HTTP/1.1" 200 109953 "-" "Mozilla/5.0 (Windows NT 10.0; Win64; x64) AppleWebKit/537.36 (KHTML, like Gecko) Chrome/121.0.0.0 Safari/537.36 Edg/121.0.0.0"
180.153.236.31 - - [28/May/2026:09:08:40 +0300] "GET / HTTP/1.1" 200 6692 "http://www.eldaly-furniture-eg.com/" "User-Agent:Mozilla/5.0 (Windows NT 10.0; Win64; x64) AppleWebKit/537.36 (KHTML, like Gecko) Chrome/140.0.0.0 Safari/537.36 Edg/140.0.0.0; 360Spider"
173.208.240.82 - - [28/May/2026:09:11:20 +0300] "GET /cf1988 HTTP/1.1" 200 134 "-" "Mozilla/5.0 (Windows NT 10.0; Win64; x64) AppleWebKit/537.36"
134.209.182.36 - - [28/May/2026:09:13:31 +0300] "POST /wp-login.php HTTP/1.1" 200 109950 "-" "Mozilla/5.0"
152.233.20.99 - - [28/May/2026:09:14:03 +0300] "POST /xmlrpc.php HTTP/1.1" 200 109953 "-" "Mozilla/5.0 (Windows NT 10.0; WOW64) AppleWebKit/537.36 (KHTML, like Gecko) Chrome/80.0.3987.132 Safari/537.36"
152.233.20.99 - - [28/May/2026:09:14:30 +0300] "POST /xmlrpc.php HTTP/1.1" 200 109953 "-" "Mozilla/5.0 (Windows NT 10.0; WOW64) AppleWebKit/537.36 (KHTML, like Gecko) Chrome/80.0.3987.132 Safari/537.36"
152.233.20.99 - - [28/May/2026:09:14:56 +0300] "POST /xmlrpc.php HTTP/1.1" 200 109953 "-" "Mozilla/5.0 (Windows NT 10.0; WOW64) AppleWebKit/537.36 (KHTML, like Gecko) Chrome/80.0.3987.132 Safari/537.36"
152.233.20.99 - - [28/May/2026:09:15:16 +0300] "POST /xmlrpc.php HTTP/1.1" 200 109953 "-" "Mozilla/5.0 (Windows NT 10.0; WOW64) AppleWebKit/537.36 (KHTML, like Gecko) Chrome/80.0.3987.132 Safari/537.36"
95.216.88.186 - - [28/May/2026:09:15:29 +0300] "POST /xmlrpc.php HTTP/1.1" 200 109953 "-" "Mozilla/5.0 (Windows NT 10.0; WOW64) AppleWebKit/537.36 (KHTML, like Gecko) Chrome/80.0.3987.132 Safari/537.36"
173.208.240.82 - - [28/May/2026:09:16:18 +0300] "GET /cf1988 HTTP/1.1" 200 134 "-" "Mozilla/5.0 (Windows NT 10.0; Win64; x64) AppleWebKit/537.36"
173.208.240.82 - - [28/May/2026:09:21:18 +0300] "GET /cf1988 HTTP/1.1" 200 134 "-" "Mozilla/5.0 (Windows NT 10.0; Win64; x64) AppleWebKit/537.36"
173.208.240.82 - - [28/May/2026:09:26:15 +0300] "GET /cf1988 HTTP/1.1" 200 134 "-" "Mozilla/5.0 (Windows NT 10.0; Win64; x64) AppleWebKit/537.36"
134.209.182.36 - - [28/May/2026:09:28:28 +0300] "POST /wp-login.php HTTP/1.1" 200 109950 "-" "Mozilla/5.0"
173.208.240.82 - - [28/May/2026:09:31:18 +0300] "GET /cf1988 HTTP/1.1" 200 134 "-" "Mozilla/5.0 (Windows NT 10.0; Win64; x64) AppleWebKit/537.36"
173.208.240.82 - - [28/May/2026:09:36:20 +0300] "GET /cf1988 HTTP/1.1" 200 134 "-" "Mozilla/5.0 (Windows NT 10.0; Win64; x64) AppleWebKit/537.36"
173.208.240.82 - - [28/May/2026:09:41:25 +0300] "GET /cf1988 HTTP/1.1" 200 134 "-" "Mozilla/5.0 (Windows NT 10.0; Win64; x64) AppleWebKit/537.36"
134.209.182.36 - - [28/May/2026:09:43:28 +0300] "POST /wp-login.php HTTP/1.1" 200 109950 "-" "Mozilla/5.0"
173.208.240.82 - - [28/May/2026:09:46:22 +0300] "GET /cf1988 HTTP/1.1" 200 134 "-" "Mozilla/5.0 (Windows NT 10.0; Win64; x64) AppleWebKit/537.36"
85.203.47.163 - - [28/May/2026:09:48:51 +0300] "POST /xmlrpc.php HTTP/1.1" 200 109953 "-" "Mozilla/5.0 (Macintosh; Intel Mac OS X 10_15_7) AppleWebKit/537.36 (KHTML, like Gecko) Chrome/127.0.0 Safari/537.36"
85.203.47.163 - - [28/May/2026:09:48:52 +0300] "POST /xmlrpc.php HTTP/1.1" 200 109953 "-" "Mozilla/5.0 (Macintosh; Intel Mac OS X 10_15_7) AppleWebKit/537.36 (KHTML, like Gecko) Chrome/127.0.0 Safari/537.36"
85.203.47.163 - - [28/May/2026:09:48:53 +0300] "POST /xmlrpc.php HTTP/1.1" 200 109953 "-" "Mozilla/5.0 (Macintosh; Intel Mac OS X 10_15_7) AppleWebKit/537.36 (KHTML, like Gecko) Chrome/127.0.0 Safari/537.36"
85.203.47.163 - - [28/May/2026:09:48:53 +0300] "POST /xmlrpc.php HTTP/1.1" 200 109953 "-" "Mozilla/5.0 (Macintosh; Intel Mac OS X 10_15_7) AppleWebKit/537.36 (KHTML, like Gecko) Chrome/127.0.0 Safari/537.36"
216.244.66.201 - - [28/May/2026:09:49:31 +0300] "GET /robots.txt HTTP/1.1" 200 110036 "-" "Mozilla/5.0 (compatible; DotBot/1.2; +https://opensiteexplorer.org/dotbot; help@moz.com)"
173.208.240.82 - - [28/May/2026:09:51:15 +0300] "GET /cf1988 HTTP/1.1" 200 134 "-" "Mozilla/5.0 (Windows NT 10.0; Win64; x64) AppleWebKit/537.36"
146.112.163.41 - - [28/May/2026:09:52:39 +0300] "GET / HTTP/1.1" 200 6693 "-" "Mozilla/5.0 (X11; Linux x86_64) AppleWebKit/537.36 (KHTML, like Gecko) Chrome/146.0.0.0 Safari/537.36"
146.112.163.41 - - [28/May/2026:09:53:15 +0300] "GET /favicon.ico HTTP/1.1" 200 7381 "http://eldaly-furniture-eg.com/" "Mozilla/5.0 (Windows NT 10.0; Win64; x64) AppleWebKit/537.36 (KHTML, like Gecko) Chrome/146.0.0.0 Safari/537.36"
13.48.58.180 - - [28/May/2026:09:54:21 +0300] "POST /xmlrpc.php HTTP/1.1" 200 109953 "-" "Mozilla/5.0 (Windows NT 10.0; Win64; x64) AppleWebKit/537.36 (KHTML, like Gecko) Chrome/114.0.0.0 Safari/537.36 Vivaldi/5.3.2679.68"
13.48.58.180 - - [28/May/2026:09:54:58 +0300] "POST /xmlrpc.php HTTP/1.1" 200 109953 "-" "Mozilla/5.0 (Windows NT 10.0; Win64; x64) AppleWebKit/537.36 (KHTML, like Gecko) Chrome/114.0.0.0 Safari/537.36 Vivaldi/5.3.2679.68"
216.244.66.201 - - [28/May/2026:09:55:07 +0300] "GET /2026/05/19/online-casinos-nz-available-games-and-features-for-393/ HTTP/1.1" 200 110036 "-" "Mozilla/5.0 (compatible; DotBot/1.2; +https://opensiteexplorer.org/dotbot; help@moz.com)"
216.244.66.201 - - [28/May/2026:09:55:31 +0300] "GET /2026/05/24/top-casino-online-n-romnia-clasamente-actualizate-165-2/ HTTP/1.1" 200 110036 "-" "Mozilla/5.0 (compatible; DotBot/1.2; +https://opensiteexplorer.org/dotbot; help@moz.com)"
13.48.58.180 - - [28/May/2026:09:55:33 +0300] "POST /xmlrpc.php HTTP/1.1" 200 109953 "-" "Mozilla/5.0 (Windows NT 10.0; Win64; x64) AppleWebKit/537.36 (KHTML, like Gecko) Chrome/114.0.0.0 Safari/537.36 Vivaldi/5.3.2679.68"
95.216.48.93 - - [28/May/2026:09:55:38 +0300] "POST /xmlrpc.php HTTP/1.1" 200 109953 "-" "Mozilla/5.0 (Windows NT 10.0; Win64; x64) AppleWebKit/537.36 (KHTML, like Gecko) Chrome/114.0.0.0 Safari/537.36 Vivaldi/5.3.2679.68"
216.244.66.201 - - [28/May/2026:09:56:11 +0300] "GET /product/%D8%BA%D8%B1%D9%81%D8%A9-%D9%86%D9%88%D9%85-%D9%81%D9%84%D8%A7%D9%88%D8%B1/ HTTP/1.1" 200 110036 "-" "Mozilla/5.0 (compatible; DotBot/1.2; +https://opensiteexplorer.org/dotbot; help@moz.com)"
15.220.168.224 - - [28/May/2026:09:56:13 +0300] "POST /xmlrpc.php HTTP/1.1" 200 109953 "-" "Mozilla/5.0 (Windows NT 10.0; Win64; x64) AppleWebKit/537.36 (KHTML, like Gecko) Chrome/114.0.0.0 Safari/537.36 Vivaldi/5.3.2679.68"
173.208.240.82 - - [28/May/2026:09:56:21 +0300] "GET /cf1988 HTTP/1.1" 200 134 "-" "Mozilla/5.0 (Windows NT 10.0; Win64; x64) AppleWebKit/537.36"
216.244.66.201 - - [28/May/2026:09:57:02 +0300] "GET /product/%D8%BA%D8%B1%D9%81%D8%A9-%D9%86%D9%88%D9%85-%D8%AC%D9%8A%D9%86%D8%AA%D9%84/feed/ HTTP/1.1" 200 110036 "-" "Mozilla/5.0 (compatible; DotBot/1.2; +https://opensiteexplorer.org/dotbot; help@moz.com)"
216.244.66.201 - - [28/May/2026:09:57:52 +0300] "GET /2026/05/22/bassbet-casino-ganancias-rpidas-y-sesiones-de-alta-2/ HTTP/1.1" 200 110036 "-" "Mozilla/5.0 (compatible; DotBot/1.2; +https://opensiteexplorer.org/dotbot; help@moz.com)"
134.209.182.36 - - [28/May/2026:09:58:38 +0300] "POST /wp-login.php HTTP/1.1" 200 109950 "-" "Mozilla/5.0"
216.244.66.201 - - [28/May/2026:09:59:22 +0300] "GET /product/%D8%BA%D8%B1%D9%81%D9%87-%D8%B4%D8%A8%D8%A7%D8%A8%D9%8A-%D8%AC%D8%A7%D8%AC%D9%88%D8%A7%D8%B1/feed/ HTTP/1.1" 200 110036 "-" "Mozilla/5.0 (compatible; DotBot/1.2; +https://opensiteexplorer.org/dotbot; help@moz.com)"
216.244.66.201 - - [28/May/2026:10:00:12 +0300] "GET /wp-content/uploads/2024/07/505012050_675339565337862_8027023051624109439_n.jpg HTTP/1.1" 200 228030 "-" "Mozilla/5.0 (compatible; DotBot/1.2; +https://opensiteexplorer.org/dotbot; help@moz.com)"
173.208.240.82 - - [28/May/2026:10:01:16 +0300] "GET /cf1988 HTTP/1.1" 200 134 "-" "Mozilla/5.0 (Windows NT 10.0; Win64; x64) AppleWebKit/537.36"
205.169.39.57 - - [28/May/2026:10:05:07 +0300] "GET / HTTP/1.1" 200 6694 "-" "Mozilla/5.0 (Windows NT 10.0; Win64; x64) AppleWebKit/537.36 (KHTML, like Gecko) Chrome/117.0.5938.132 Safari/537.36"
173.208.240.82 - - [28/May/2026:10:06:16 +0300] "GET /cf1988 HTTP/1.1" 200 134 "-" "Mozilla/5.0 (Windows NT 10.0; Win64; x64) AppleWebKit/537.36"
173.208.240.82 - - [28/May/2026:10:11:17 +0300] "GET /cf1988 HTTP/1.1" 200 134 "-" "Mozilla/5.0 (Windows NT 10.0; Win64; x64) AppleWebKit/537.36"
82.118.29.223 - - [28/May/2026:10:12:14 +0300] "POST /xmlrpc.php HTTP/1.1" 200 109953 "-" "Mozilla/5.0 (Windows NT 10.0; Win64; x64) AppleWebKit/537.36 (KHTML, like Gecko) Chrome/114.0.0.0 Safari/537.36 Edg/114.0.1264.71"
82.118.29.223 - - [28/May/2026:10:12:53 +0300] "POST /xmlrpc.php HTTP/1.1" 200 109953 "-" "Mozilla/5.0 (Windows NT 10.0; Win64; x64) AppleWebKit/537.36 (KHTML, like Gecko) Chrome/114.0.0.0 Safari/537.36 Edg/114.0.1264.71"
82.118.29.223 - - [28/May/2026:10:13:18 +0300] "POST /xmlrpc.php HTTP/1.1" 200 109953 "-" "Mozilla/5.0 (Windows NT 10.0; Win64; x64) AppleWebKit/537.36 (KHTML, like Gecko) Chrome/114.0.0.0 Safari/537.36 Edg/114.0.1264.71"
82.118.29.223 - - [28/May/2026:10:13:40 +0300] "POST /xmlrpc.php HTTP/1.1" 200 109953 "-" "Mozilla/5.0 (Windows NT 10.0; Win64; x64) AppleWebKit/537.36 (KHTML, like Gecko) Chrome/114.0.0.0 Safari/537.36 Edg/114.0.1264.71"
134.209.182.36 - - [28/May/2026:10:14:04 +0300] "POST /wp-login.php HTTP/1.1" 200 109950 "-" "Mozilla/5.0"
173.208.240.82 - - [28/May/2026:10:16:13 +0300] "GET /cf1988 HTTP/1.1" 200 134 "-" "Mozilla/5.0 (Windows NT 10.0; Win64; x64) AppleWebKit/537.36"
205.169.39.0 - - [28/May/2026:10:16:37 +0300] "GET / HTTP/1.1" 200 6693 "-" "Mozilla/5.0 (Windows NT 10.0; Win64; x64) AppleWebKit/537.36 (KHTML, like Gecko) Chrome/117.0.5938.132 Safari/537.36"
195.181.172.197 - - [28/May/2026:10:17:40 +0300] "POST /xmlrpc.php HTTP/1.1" 200 109953 "-" "Mozilla/5.0 (X11; Linux x86_64) AppleWebKit/537.36 (KHTML, like Gecko) Chrome/114.0.0.0 Safari/537.36 Vivaldi/5.3.2679.68"
195.181.172.197 - - [28/May/2026:10:18:01 +0300] "POST /xmlrpc.php HTTP/1.1" 200 109953 "-" "Mozilla/5.0 (X11; Linux x86_64) AppleWebKit/537.36 (KHTML, like Gecko) Chrome/114.0.0.0 Safari/537.36 Vivaldi/5.3.2679.68"
195.181.172.197 - - [28/May/2026:10:18:15 +0300] "POST /xmlrpc.php HTTP/1.1" 200 109953 "-" "Mozilla/5.0 (X11; Linux x86_64) AppleWebKit/537.36 (KHTML, like Gecko) Chrome/114.0.0.0 Safari/537.36 Vivaldi/5.3.2679.68"
195.181.172.197 - - [28/May/2026:10:18:26 +0300] "POST /xmlrpc.php HTTP/1.1" 200 109953 "-" "Mozilla/5.0 (X11; Linux x86_64) AppleWebKit/537.36 (KHTML, like Gecko) Chrome/114.0.0.0 Safari/537.36 Vivaldi/5.3.2679.68"
173.208.240.82 - - [28/May/2026:10:21:17 +0300] "GET /cf1988 HTTP/1.1" 200 134 "-" "Mozilla/5.0 (Windows NT 10.0; Win64; x64) AppleWebKit/537.36"
173.208.240.82 - - [28/May/2026:10:25:35 +0300] "GET /cf1988 HTTP/1.1" 200 134 "-" "Mozilla/5.0 (Windows NT 10.0; Win64; x64) AppleWebKit/537.36"
134.209.182.36 - - [28/May/2026:10:29:52 +0300] "POST /wp-login.php HTTP/1.1" 200 109950 "-" "Mozilla/5.0"
173.208.240.82 - - [28/May/2026:10:30:33 +0300] "GET /cf1988 HTTP/1.1" 200 134 "-" "Mozilla/5.0 (Windows NT 10.0; Win64; x64) AppleWebKit/537.36"
216.244.66.201 - - [28/May/2026:10:34:14 +0300] "GET /robots.txt HTTP/1.1" 200 110036 "-" "Mozilla/5.0 (compatible; DotBot/1.2; +https://opensiteexplorer.org/dotbot; help@moz.com)"
173.208.240.82 - - [28/May/2026:10:35:35 +0300] "GET /cf1988 HTTP/1.1" 200 134 "-" "Mozilla/5.0 (Windows NT 10.0; Win64; x64) AppleWebKit/537.36"
35.223.69.100 - - [28/May/2026:10:35:44 +0300] "GET / HTTP/1.1" 200 6694 "-" "python-requests/2.32.3"
35.223.69.100 - - [28/May/2026:10:36:01 +0300] "GET / HTTP/1.1" 200 6693 "-" "Mozilla/5.0 (X11; Linux x86_64) AppleWebKit/537.36 (KHTML, like Gecko) Chrome/59.0.3071.104 Safari/537.36"
35.223.69.100 - - [28/May/2026:10:36:04 +0300] "GET / HTTP/1.1" 200 6693 "-" "Mozilla/5.0 (Macintosh; Intel Mac OS X 10.6; rv:2.0b6pre) Gecko/20100907 Firefox/4.0b6pre Camino/2.2a1pre"
35.223.69.100 - - [28/May/2026:10:36:37 +0300] "GET / HTTP/1.1" 200 6693 "-" "Mozilla/5.0 (Windows Phone 8.1; ARM; Trident/7.0; Touch; rv:11.0; IEMobile/11.0; NOKIA; Lumia 630) like Gecko"
35.223.69.100 - - [28/May/2026:10:37:09 +0300] "GET / HTTP/1.1" 200 6693 "-" "Mozilla/5.0 (Windows NT 6.2; WOW64) AppleWebKit/537.36 (KHTML, like Gecko) Chrome/41.0.2272.76 Safari/537.36 OPR/28.0.1750.40"
173.208.240.82 - - [28/May/2026:10:40:34 +0300] "GET /cf1988 HTTP/1.1" 200 134 "-" "Mozilla/5.0 (Windows NT 10.0; Win64; x64) AppleWebKit/537.36"
13.60.79.76 - - [28/May/2026:10:41:45 +0300] "POST /xmlrpc.php HTTP/1.1" 200 109953 "-" "Mozilla/5.0 (Macintosh; Intel Mac OS X 10_15_7) AppleWebKit/537.36 (KHTML, like Gecko) Chrome/120.0.0.0 Safari/537.36"
13.60.79.76 - - [28/May/2026:10:42:16 +0300] "POST /xmlrpc.php HTTP/1.1" 200 109953 "-" "Mozilla/5.0 (Macintosh; Intel Mac OS X 10_15_7) AppleWebKit/537.36 (KHTML, like Gecko) Chrome/120.0.0.0 Safari/537.36"
13.60.79.76 - - [28/May/2026:10:42:48 +0300] "POST /xmlrpc.php HTTP/1.1" 200 109953 "-" "Mozilla/5.0 (Macintosh; Intel Mac OS X 10_15_7) AppleWebKit/537.36 (KHTML, like Gecko) Chrome/120.0.0.0 Safari/537.36"
13.60.79.76 - - [28/May/2026:10:43:21 +0300] "POST /xmlrpc.php HTTP/1.1" 200 109953 "-" "Mozilla/5.0 (Macintosh; Intel Mac OS X 10_15_7) AppleWebKit/537.36 (KHTML, like Gecko) Chrome/120.0.0.0 Safari/537.36"
173.208.240.82 - - [28/May/2026:10:45:24 +0300] "GET /cf1988 HTTP/1.1" 200 134 "-" "Mozilla/5.0 (Windows NT 10.0; Win64; x64) AppleWebKit/537.36"
134.209.182.36 - - [28/May/2026:10:45:44 +0300] "POST /wp-login.php HTTP/1.1" 200 109950 "-" "Mozilla/5.0"
173.208.240.82 - - [28/May/2026:10:50:23 +0300] "GET /cf1988 HTTP/1.1" 200 134 "-" "Mozilla/5.0 (Windows NT 10.0; Win64; x64) AppleWebKit/537.36"
173.208.240.82 - - [28/May/2026:10:55:24 +0300] "GET /cf1988 HTTP/1.1" 200 134 "-" "Mozilla/5.0 (Windows NT 10.0; Win64; x64) AppleWebKit/537.36"
18.130.146.28 - - [28/May/2026:10:57:47 +0300] "POST /xmlrpc.php HTTP/1.1" 200 109953 "-" "Mozilla/5.0 (Windows NT 10.0; Win64; x64) AppleWebKit/537.36 (KHTML, like Gecko) Chrome/80.0.3987.132 Safari/537.36"
18.130.146.28 - - [28/May/2026:10:58:23 +0300] "POST /xmlrpc.php HTTP/1.1" 200 109953 "-" "Mozilla/5.0 (Windows NT 10.0; Win64; x64) AppleWebKit/537.36 (KHTML, like Gecko) Chrome/80.0.3987.132 Safari/537.36"
18.130.146.28 - - [28/May/2026:10:58:53 +0300] "POST /xmlrpc.php HTTP/1.1" 200 109953 "-" "Mozilla/5.0 (Windows NT 10.0; Win64; x64) AppleWebKit/537.36 (KHTML, like Gecko) Chrome/80.0.3987.132 Safari/537.36"
18.130.146.28 - - [28/May/2026:10:59:13 +0300] "POST /xmlrpc.php HTTP/1.1" 200 109953 "-" "Mozilla/5.0 (Windows NT 10.0; Win64; x64) AppleWebKit/537.36 (KHTML, like Gecko) Chrome/80.0.3987.132 Safari/537.36"
173.208.240.82 - - [28/May/2026:11:00:24 +0300] "GET /cf1988 HTTP/1.1" 200 134 "-" "Mozilla/5.0 (Windows NT 10.0; Win64; x64) AppleWebKit/537.36"
134.209.182.36 - - [28/May/2026:11:01:31 +0300] "POST /wp-login.php HTTP/1.1" 200 109950 "-" "Mozilla/5.0"
43.138.68.113 - - [28/May/2026:11:03:06 +0300] "GET / HTTP/1.1" 200 6692 "-" "Mozilla/5.0 (iPhone; CPU iPhone OS 13_2_3 like Mac OS X) AppleWebKit/605.1.15 (KHTML, like Gecko) Version/13.0.3 Mobile/15E148 Safari/604.1"
173.208.240.82 - - [28/May/2026:11:05:22 +0300] "GET /cf1988 HTTP/1.1" 200 134 "-" "Mozilla/5.0 (Windows NT 10.0; Win64; x64) AppleWebKit/537.36"
173.208.240.82 - - [28/May/2026:11:10:25 +0300] "GET /cf1988 HTTP/1.1" 200 134 "-" "Mozilla/5.0 (Windows NT 10.0; Win64; x64) AppleWebKit/537.36"
194.247.173.99 - - [28/May/2026:11:14:54 +0300] "GET /robots.txt HTTP/1.1" 200 110036 "-" "Mozilla/5.0 (compatible; MJ12bot/v1.4.8; http://mj12bot.com/)"
194.247.173.99 - - [28/May/2026:11:15:19 +0300] "GET /?edit=/home/eldalyfu/public_html/wp-comments-post.php&path=/home/eldalyfu/public_html HTTP/1.1" 200 2018 "-" "Mozilla/5.0 (compatible; MJ12bot/v1.4.8; http://mj12bot.com/)"
173.208.240.82 - - [28/May/2026:11:15:25 +0300] "GET /cf1988 HTTP/1.1" 200 134 "-" "Mozilla/5.0 (Windows NT 10.0; Win64; x64) AppleWebKit/537.36"
134.209.182.36 - - [28/May/2026:11:17:47 +0300] "POST /wp-login.php HTTP/1.1" 200 109950 "-" "Mozilla/5.0"
173.208.240.82 - - [28/May/2026:11:20:23 +0300] "GET /cf1988 HTTP/1.1" 200 134 "-" "Mozilla/5.0 (Windows NT 10.0; Win64; x64) AppleWebKit/537.36"
216.244.66.201 - - [28/May/2026:11:21:21 +0300] "GET /robots.txt HTTP/1.1" 200 110036 "-" "Mozilla/5.0 (compatible; DotBot/1.2; +https://opensiteexplorer.org/dotbot; help@moz.com)"
173.208.240.82 - - [28/May/2026:11:25:23 +0300] "GET /cf1988 HTTP/1.1" 200 134 "-" "Mozilla/5.0 (Windows NT 10.0; Win64; x64) AppleWebKit/537.36"
173.208.240.82 - - [28/May/2026:11:30:22 +0300] "GET /cf1988 HTTP/1.1" 200 134 "-" "Mozilla/5.0 (Windows NT 10.0; Win64; x64) AppleWebKit/537.36"
134.209.182.36 - - [28/May/2026:11:34:14 +0300] "POST /wp-login.php HTTP/1.1" 200 109950 "-" "Mozilla/5.0"
173.208.240.82 - - [28/May/2026:11:35:23 +0300] "GET /cf1988 HTTP/1.1" 200 134 "-" "Mozilla/5.0 (Windows NT 10.0; Win64; x64) AppleWebKit/537.36"
173.208.240.82 - - [28/May/2026:11:40:22 +0300] "GET /cf1988 HTTP/1.1" 200 134 "-" "Mozilla/5.0 (Windows NT 10.0; Win64; x64) AppleWebKit/537.36"
85.203.44.39 - - [28/May/2026:11:44:32 +0300] "POST /xmlrpc.php HTTP/1.1" 200 109953 "-" "Mozilla/5.0 (Windows NT 10.0; Win64; x64) AppleWebKit/537.36 (KHTML, like Gecko) Chrome/114.0.0.0 Safari/537.36 Edg/114.0.1264.71"
85.203.44.39 - - [28/May/2026:11:45:06 +0300] "POST /xmlrpc.php HTTP/1.1" 200 109953 "-" "Mozilla/5.0 (Windows NT 10.0; Win64; x64) AppleWebKit/537.36 (KHTML, like Gecko) Chrome/114.0.0.0 Safari/537.36 Edg/114.0.1264.71"
173.208.240.82 - - [28/May/2026:11:45:25 +0300] "GET /cf1988 HTTP/1.1" 200 134 "-" "Mozilla/5.0 (Windows NT 10.0; Win64; x64) AppleWebKit/537.36"
85.203.44.39 - - [28/May/2026:11:45:36 +0300] "POST /xmlrpc.php HTTP/1.1" 200 109953 "-" "Mozilla/5.0 (Windows NT 10.0; Win64; x64) AppleWebKit/537.36 (KHTML, like Gecko) Chrome/114.0.0.0 Safari/537.36 Edg/114.0.1264.71"
85.203.44.39 - - [28/May/2026:11:46:03 +0300] "POST /xmlrpc.php HTTP/1.1" 200 109953 "-" "Mozilla/5.0 (Windows NT 10.0; Win64; x64) AppleWebKit/537.36 (KHTML, like Gecko) Chrome/114.0.0.0 Safari/537.36 Edg/114.0.1264.71"
162.195.231.55 - - [28/May/2026:11:46:27 +0300] "POST /xmlrpc.php HTTP/1.1" 200 109953 "-" "Mozilla/5.0 (Windows NT 10.0; Win64; x64; rv:121.0) Gecko/20100101 Firefox/121.0"
173.208.240.82 - - [28/May/2026:11:50:26 +0300] "GET /cf1988 HTTP/1.1" 200 134 "-" "Mozilla/5.0 (Windows NT 10.0; Win64; x64) AppleWebKit/537.36"
134.209.182.36 - - [28/May/2026:11:50:40 +0300] "POST /wp-login.php HTTP/1.1" 200 109950 "-" "Mozilla/5.0"
173.208.240.82 - - [28/May/2026:11:55:21 +0300] "GET /cf1988 HTTP/1.1" 200 134 "-" "Mozilla/5.0 (Windows NT 10.0; Win64; x64) AppleWebKit/537.36"
173.208.240.82 - - [28/May/2026:12:00:24 +0300] "GET /cf1988 HTTP/1.1" 200 134 "-" "Mozilla/5.0 (Windows NT 10.0; Win64; x64) AppleWebKit/537.36"
91.217.249.31 - - [28/May/2026:12:01:50 +0300] "POST /xmlrpc.php HTTP/1.1" 200 109953 "-" "Mozilla/5.0 (X11; Linux x86_64) AppleWebKit/537.36 (KHTML, like Gecko) Chrome/114.0.0.0 Safari/537.36 OPR/89.0.4447.51"
91.217.249.31 - - [28/May/2026:12:02:15 +0300] "POST /xmlrpc.php HTTP/1.1" 200 109953 "-" "Mozilla/5.0 (X11; Linux x86_64) AppleWebKit/537.36 (KHTML, like Gecko) Chrome/114.0.0.0 Safari/537.36 OPR/89.0.4447.51"
91.217.249.31 - - [28/May/2026:12:02:37 +0300] "POST /xmlrpc.php HTTP/1.1" 200 109953 "-" "Mozilla/5.0 (X11; Linux x86_64) AppleWebKit/537.36 (KHTML, like Gecko) Chrome/114.0.0.0 Safari/537.36 OPR/89.0.4447.51"
91.217.249.31 - - [28/May/2026:12:02:57 +0300] "POST /xmlrpc.php HTTP/1.1" 200 109953 "-" "Mozilla/5.0 (X11; Linux x86_64) AppleWebKit/537.36 (KHTML, like Gecko) Chrome/114.0.0.0 Safari/537.36 OPR/89.0.4447.51"
173.208.240.82 - - [28/May/2026:12:05:24 +0300] "GET /cf1988 HTTP/1.1" 200 134 "-" "Mozilla/5.0 (Windows NT 10.0; Win64; x64) AppleWebKit/537.36"
134.209.182.36 - - [28/May/2026:12:07:02 +0300] "POST /wp-login.php HTTP/1.1" 200 109950 "-" "Mozilla/5.0"
216.244.66.201 - - [28/May/2026:12:09:45 +0300] "GET /robots.txt HTTP/1.1" 200 110036 "-" "Mozilla/5.0 (compatible; DotBot/1.2; +https://opensiteexplorer.org/dotbot; help@moz.com)"
173.208.240.82 - - [28/May/2026:12:10:23 +0300] "GET /cf1988 HTTP/1.1" 200 134 "-" "Mozilla/5.0 (Windows NT 10.0; Win64; x64) AppleWebKit/537.36"
66.249.75.192 - - [28/May/2026:12:14:02 +0300] "GET / HTTP/1.1" 200 6695 "-" "Mozilla/5.0 (Linux; Android 6.0.1; Nexus 5X Build/MMB29P) AppleWebKit/537.36 (KHTML, like Gecko) Chrome/148.0.7778.96 Mobile Safari/537.36 (compatible; Googlebot/2.1; +http://www.google.com/bot.html)"
173.208.240.82 - - [28/May/2026:12:15:22 +0300] "GET /cf1988 HTTP/1.1" 200 134 "-" "Mozilla/5.0 (Windows NT 10.0; Win64; x64) AppleWebKit/537.36"
216.244.66.201 - - [28/May/2026:12:15:45 +0300] "GET /en/product-category/wedding-packages/feed/ HTTP/1.1" 200 110036 "-" "Mozilla/5.0 (compatible; DotBot/1.2; +https://opensiteexplorer.org/dotbot; help@moz.com)"
216.244.66.201 - - [28/May/2026:12:16:16 +0300] "GET /en/product/living-room-2/feed/ HTTP/1.1" 200 110036 "-" "Mozilla/5.0 (compatible; DotBot/1.2; +https://opensiteexplorer.org/dotbot; help@moz.com)"
216.244.66.201 - - [28/May/2026:12:16:57 +0300] "GET /2026/05/20/online-casinos-nz-available-games-and-features-for-401/ HTTP/1.1" 200 110036 "-" "Mozilla/5.0 (compatible; DotBot/1.2; +https://opensiteexplorer.org/dotbot; help@moz.com)"
173.208.240.82 - - [28/May/2026:12:20:23 +0300] "GET /cf1988 HTTP/1.1" 200 134 "-" "Mozilla/5.0 (Windows NT 10.0; Win64; x64) AppleWebKit/537.36"
134.209.182.36 - - [28/May/2026:12:23:41 +0300] "POST /wp-login.php HTTP/1.1" 200 109950 "-" "Mozilla/5.0"
173.208.240.82 - - [28/May/2026:12:25:22 +0300] "GET /cf1988 HTTP/1.1" 200 134 "-" "Mozilla/5.0 (Windows NT 10.0; Win64; x64) AppleWebKit/537.36"
173.208.240.82 - - [28/May/2026:12:30:24 +0300] "GET /cf1988 HTTP/1.1" 200 134 "-" "Mozilla/5.0 (Windows NT 10.0; Win64; x64) AppleWebKit/537.36"
173.208.240.82 - - [28/May/2026:12:35:18 +0300] "GET /cf1988 HTTP/1.1" 200 134 "-" "Mozilla/5.0 (Windows NT 10.0; Win64; x64) AppleWebKit/537.36"
89.222.112.82 - - [28/May/2026:12:40:02 +0300] "POST /xmlrpc.php HTTP/1.1" 200 109953 "-" "Mozilla/5.0 (Windows NT 10.0; Win64; x64) AppleWebKit/537.36 (KHTML, like Gecko) Chrome/143.0.0.0 Safari/537.36"
173.208.240.82 - - [28/May/2026:12:40:21 +0300] "GET /cf1988 HTTP/1.1" 200 134 "-" "Mozilla/5.0 (Windows NT 10.0; Win64; x64) AppleWebKit/537.36"
89.222.112.82 - - [28/May/2026:12:40:30 +0300] "POST /xmlrpc.php HTTP/1.1" 200 109953 "-" "Mozilla/5.0 (Windows NT 10.0; Win64; x64) AppleWebKit/537.36 (KHTML, like Gecko) Chrome/143.0.0.0 Safari/537.36"
134.209.182.36 - - [28/May/2026:12:40:48 +0300] "POST /wp-login.php HTTP/1.1" 200 109950 "-" "Mozilla/5.0"
89.222.112.82 - - [28/May/2026:12:40:57 +0300] "POST /xmlrpc.php HTTP/1.1" 200 109953 "-" "Mozilla/5.0 (Windows NT 10.0; Win64; x64) AppleWebKit/537.36 (KHTML, like Gecko) Chrome/143.0.0.0 Safari/537.36"
89.222.112.82 - - [28/May/2026:12:41:24 +0300] "POST /xmlrpc.php HTTP/1.1" 200 109953 "-" "Mozilla/5.0 (Windows NT 10.0; Win64; x64) AppleWebKit/537.36 (KHTML, like Gecko) Chrome/143.0.0.0 Safari/537.36"
173.208.240.82 - - [28/May/2026:12:45:19 +0300] "GET /cf1988 HTTP/1.1" 200 134 "-" "Mozilla/5.0 (Windows NT 10.0; Win64; x64) AppleWebKit/537.36"
173.208.240.82 - - [28/May/2026:12:50:22 +0300] "GET /cf1988 HTTP/1.1" 200 134 "-" "Mozilla/5.0 (Windows NT 10.0; Win64; x64) AppleWebKit/537.36"
82.118.29.200 - - [28/May/2026:12:51:31 +0300] "POST /xmlrpc.php HTTP/1.1" 200 109953 "-" "Mozilla/5.0 (Macintosh; Intel Mac OS X 12_5) AppleWebKit/537.36 (KHTML, like Gecko) Chrome/114.0.0.0 Safari/537.36 Edg/114.0.1264.71"
82.118.29.200 - - [28/May/2026:12:51:59 +0300] "POST /xmlrpc.php HTTP/1.1" 200 109953 "-" "Mozilla/5.0 (Macintosh; Intel Mac OS X 12_5) AppleWebKit/537.36 (KHTML, like Gecko) Chrome/114.0.0.0 Safari/537.36 Edg/114.0.1264.71"
82.118.29.200 - - [28/May/2026:12:52:20 +0300] "POST /xmlrpc.php HTTP/1.1" 200 109953 "-" "Mozilla/5.0 (Macintosh; Intel Mac OS X 12_5) AppleWebKit/537.36 (KHTML, like Gecko) Chrome/114.0.0.0 Safari/537.36 Edg/114.0.1264.71"
82.118.29.200 - - [28/May/2026:12:52:38 +0300] "POST /xmlrpc.php HTTP/1.1" 200 109953 "-" "Mozilla/5.0 (Macintosh; Intel Mac OS X 12_5) AppleWebKit/537.36 (KHTML, like Gecko) Chrome/114.0.0.0 Safari/537.36 Edg/114.0.1264.71"
216.244.66.201 - - [28/May/2026:12:56:38 +0300] "GET /robots.txt HTTP/1.1" 200 110036 "-" "Mozilla/5.0 (compatible; DotBot/1.2; +https://opensiteexplorer.org/dotbot; help@moz.com)"
173.208.240.82 - - [28/May/2026:12:57:06 +0300] "GET /cf1988 HTTP/1.1" 200 134 "-" "Mozilla/5.0 (Windows NT 10.0; Win64; x64) AppleWebKit/537.36"
134.209.182.36 - - [28/May/2026:12:58:03 +0300] "POST /wp-login.php HTTP/1.1" 200 109950 "-" "Mozilla/5.0"
173.208.240.82 - - [28/May/2026:13:02:03 +0300] "GET /cf1988 HTTP/1.1" 200 134 "-" "Mozilla/5.0 (Windows NT 10.0; Win64; x64) AppleWebKit/537.36"
216.244.66.201 - - [28/May/2026:13:03:03 +0300] "GET /2026/05/24/online-casino-vergleich-sterreich-7767/ HTTP/1.1" 200 110036 "-" "Mozilla/5.0 (compatible; DotBot/1.2; +https://opensiteexplorer.org/dotbot; help@moz.com)"
216.244.66.201 - - [28/May/2026:13:03:19 +0300] "GET /2026/05/13/mostbet/feed/ HTTP/1.1" 200 110036 "-" "Mozilla/5.0 (compatible; DotBot/1.2; +https://opensiteexplorer.org/dotbot; help@moz.com)"
216.244.66.201 - - [28/May/2026:13:03:29 +0300] "GET /product/%D8%A3%D9%86%D8%AA%D8%B1%D9%8A%D8%A9-%D8%A8%D8%B1%D8%A7%D9%8A%D9%85/feed/ HTTP/1.1" 200 110036 "-" "Mozilla/5.0 (compatible; DotBot/1.2; +https://opensiteexplorer.org/dotbot; help@moz.com)"
216.244.66.201 - - [28/May/2026:13:04:07 +0300] "GET /product/%D8%A3%D9%86%D8%AA%D8%B1%D9%8A%D8%A9-%D8%A3%D9%85%D8%B1%D9%8A%D9%83%D8%A7%D9%86/feed/ HTTP/1.1" 200 110036 "-" "Mozilla/5.0 (compatible; DotBot/1.2; +https://opensiteexplorer.org/dotbot; help@moz.com)"
216.244.66.201 - - [28/May/2026:13:05:36 +0300] "GET /en/shop/?product-page=1&add-to-cart=1960 HTTP/1.1" 200 110036 "-" "Mozilla/5.0 (compatible; DotBot/1.2; +https://opensiteexplorer.org/dotbot; help@moz.com)"
173.208.240.82 - - [28/May/2026:13:07:04 +0300] "GET /cf1988 HTTP/1.1" 200 134 "-" "Mozilla/5.0 (Windows NT 10.0; Win64; x64) AppleWebKit/537.36"
216.244.66.201 - - [28/May/2026:13:07:57 +0300] "GET /shop/?product-page=9&add-to-cart=4383 HTTP/1.1" 200 110036 "-" "Mozilla/5.0 (compatible; DotBot/1.2; +https://opensiteexplorer.org/dotbot; help@moz.com)"
173.208.240.82 - - [28/May/2026:13:11:59 +0300] "GET /cf1988 HTTP/1.1" 200 134 "-" "Mozilla/5.0 (Windows NT 10.0; Win64; x64) AppleWebKit/537.36"
134.209.182.36 - - [28/May/2026:13:15:14 +0300] "POST /wp-login.php HTTP/1.1" 200 109950 "-" "Mozilla/5.0"
💾 保存文件
← 返回文件管理器