173.208.240.82 - - [27/May/2026:22:42:03 +0300] "GET /cf1988 HTTP/1.1" 200 134 "-" "Mozilla/5.0 (Windows NT 10.0; Win64; x64) AppleWebKit/537.36"
173.239.216.57 - - [27/May/2026:22:42:32 +0300] "POST /xmlrpc.php HTTP/1.1" 200 109953 "-" "Mozilla/5.0 (Macintosh; Intel Mac OS X 12_5) AppleWebKit/537.36 (KHTML, like Gecko) Chrome/114.0.0.0 Safari/537.36 Vivaldi/5.3.2679.68"
173.239.216.140 - - [27/May/2026:22:42:38 +0300] "POST /xmlrpc.php HTTP/1.1" 200 109953 "-" "Mozilla/5.0 (Macintosh; Intel Mac OS X 12_5) AppleWebKit/537.36 (KHTML, like Gecko) Chrome/114.0.0.0 Safari/537.36 Vivaldi/5.3.2679.68"
173.239.216.88 - - [27/May/2026:22:42:42 +0300] "POST /xmlrpc.php HTTP/1.1" 200 109953 "-" "Mozilla/5.0 (Macintosh; Intel Mac OS X 12_5) AppleWebKit/537.36 (KHTML, like Gecko) Chrome/114.0.0.0 Safari/537.36 Vivaldi/5.3.2679.68"
173.239.216.188 - - [27/May/2026:22:42:46 +0300] "POST /xmlrpc.php HTTP/1.1" 200 109953 "-" "Mozilla/5.0 (Macintosh; Intel Mac OS X 12_5) AppleWebKit/537.36 (KHTML, like Gecko) Chrome/114.0.0.0 Safari/537.36 Vivaldi/5.3.2679.68"
173.208.240.82 - - [27/May/2026:22:47:02 +0300] "GET /cf1988 HTTP/1.1" 200 134 "-" "Mozilla/5.0 (Windows NT 10.0; Win64; x64) AppleWebKit/537.36"
216.244.66.201 - - [27/May/2026:22:47:48 +0300] "GET /category/business-small-business/feed/ HTTP/1.1" 200 110036 "-" "Mozilla/5.0 (compatible; DotBot/1.2; +https://opensiteexplorer.org/dotbot; help@moz.com)"
216.244.66.201 - - [27/May/2026:22:48:27 +0300] "GET /tag/%D8%A3%D8%B9%D9%85%D8%A7%D9%84-%D8%AE%D8%B4%D8%A8%D9%8A%D8%A9/feed/ HTTP/1.1" 200 110036 "-" "Mozilla/5.0 (compatible; DotBot/1.2; +https://opensiteexplorer.org/dotbot; help@moz.com)"
216.244.66.201 - - [27/May/2026:22:49:00 +0300] "GET /2026/05/24/online-casinos-in-australia-review-1123/ HTTP/1.1" 200 110036 "-" "Mozilla/5.0 (compatible; DotBot/1.2; +https://opensiteexplorer.org/dotbot; help@moz.com)"
216.244.66.201 - - [27/May/2026:22:51:04 +0300] "GET /shop/?product-page=1&add-to-cart=7603 HTTP/1.1" 200 110036 "-" "Mozilla/5.0 (compatible; DotBot/1.2; +https://opensiteexplorer.org/dotbot; help@moz.com)"
173.208.240.82 - - [27/May/2026:22:52:05 +0300] "GET /cf1988 HTTP/1.1" 200 134 "-" "Mozilla/5.0 (Windows NT 10.0; Win64; x64) AppleWebKit/537.36"
173.208.240.82 - - [27/May/2026:22:57:03 +0300] "GET /cf1988 HTTP/1.1" 200 134 "-" "Mozilla/5.0 (Windows NT 10.0; Win64; x64) AppleWebKit/537.36"
173.208.240.82 - - [27/May/2026:23:02:09 +0300] "GET /cf1988 HTTP/1.1" 200 134 "-" "Mozilla/5.0 (Windows NT 10.0; Win64; x64) AppleWebKit/537.36"
173.208.240.82 - - [27/May/2026:23:07:04 +0300] "GET /cf1988 HTTP/1.1" 200 134 "-" "Mozilla/5.0 (Windows NT 10.0; Win64; x64) AppleWebKit/537.36"
173.208.240.82 - - [27/May/2026:23:12:00 +0300] "GET /cf1988 HTTP/1.1" 200 134 "-" "Mozilla/5.0 (Windows NT 10.0; Win64; x64) AppleWebKit/537.36"
2.58.56.163 - - [27/May/2026:23:13:30 +0300] "GET / HTTP/1.1" 200 110036 "-" "Mozilla/5.0 (Windows NT 10.0; Win64; x64) AppleWebKit/537.36 (KHTML, like Gecko) Chrome/78.0.3904.108 Safari/537.36"
2.58.56.163 - - [27/May/2026:23:14:04 +0300] "GET / HTTP/1.1" 200 110036 "-" "Mozilla/5.0 (Windows NT 10.0; Win64; x64) AppleWebKit/537.36 (KHTML, like Gecko) Chrome/78.0.3904.108 Safari/537.36"
2.58.56.163 - - [27/May/2026:23:14:43 +0300] "GET /wp-includes/wlwmanifest.xml HTTP/1.1" 200 110036 "-" "Mozilla/5.0 (Windows NT 10.0; Win64; x64) AppleWebKit/537.36 (KHTML, like Gecko) Chrome/78.0.3904.108 Safari/537.36"
2.58.56.163 - - [27/May/2026:23:15:16 +0300] "GET /xmlrpc.php?rsd HTTP/1.1" 200 109953 "-" "Mozilla/5.0 (Windows NT 10.0; Win64; x64) AppleWebKit/537.36 (KHTML, like Gecko) Chrome/78.0.3904.108 Safari/537.36"
2.58.56.163 - - [27/May/2026:23:15:44 +0300] "GET / HTTP/1.1" 200 110036 "-" "Mozilla/5.0 (Windows NT 10.0; Win64; x64) AppleWebKit/537.36 (KHTML, like Gecko) Chrome/78.0.3904.108 Safari/537.36"
2.58.56.163 - - [27/May/2026:23:16:11 +0300] "GET /?author=1 HTTP/1.1" 200 110036 "-" "Mozilla/5.0 (Windows NT 10.0; Win64; x64) AppleWebKit/537.36 (KHTML, like Gecko) Chrome/78.0.3904.108 Safari/537.36"
2.58.56.163 - - [27/May/2026:23:16:34 +0300] "GET /?author=2 HTTP/1.1" 200 110036 "-" "Mozilla/5.0 (Windows NT 10.0; Win64; x64) AppleWebKit/537.36 (KHTML, like Gecko) Chrome/78.0.3904.108 Safari/537.36"
2.58.56.163 - - [27/May/2026:23:16:54 +0300] "GET /wp-json/wp/v2/users/ HTTP/1.1" 200 110036 "-" "Mozilla/5.0 (Windows NT 10.0; Win64; x64) AppleWebKit/537.36 (KHTML, like Gecko) Chrome/78.0.3904.108 Safari/537.36"
173.208.240.82 - - [27/May/2026:23:17:05 +0300] "GET /cf1988 HTTP/1.1" 200 134 "-" "Mozilla/5.0 (Windows NT 10.0; Win64; x64) AppleWebKit/537.36"
2.58.56.163 - - [27/May/2026:23:17:17 +0300] "GET /wp-json/oembed/1.0/embed?url=http://eldaly-furniture-eg.com HTTP/1.1" 200 110036 "-" "Mozilla/5.0 (Windows NT 10.0; Win64; x64) AppleWebKit/537.36 (KHTML, like Gecko) Chrome/78.0.3904.108 Safari/537.36"
2.58.56.163 - - [27/May/2026:23:17:46 +0300] "POST /xmlrpc.php HTTP/1.1" 200 109953 "-" "Mozilla/5.0 (Windows NT 10.0; Win64; x64) AppleWebKit/537.36 (KHTML, like Gecko) Chrome/78.0.3904.108 Safari/537.36"
173.208.240.82 - - [27/May/2026:23:22:01 +0300] "GET /cf1988 HTTP/1.1" 200 134 "-" "Mozilla/5.0 (Windows NT 10.0; Win64; x64) AppleWebKit/537.36"
216.244.66.201 - - [27/May/2026:23:25:31 +0300] "GET /robots.txt HTTP/1.1" 200 110036 "-" "Mozilla/5.0 (compatible; DotBot/1.2; +https://opensiteexplorer.org/dotbot; help@moz.com)"
173.208.240.82 - - [27/May/2026:23:27:03 +0300] "GET /cf1988 HTTP/1.1" 200 134 "-" "Mozilla/5.0 (Windows NT 10.0; Win64; x64) AppleWebKit/537.36"
175.178.110.121 - - [27/May/2026:23:31:11 +0300] "GET / HTTP/1.1" 200 6689 "-" "Mozilla/5.0 (iPhone; CPU iPhone OS 13_2_3 like Mac OS X) AppleWebKit/605.1.15 (KHTML, like Gecko) Version/13.0.3 Mobile/15E148 Safari/604.1"
173.208.240.82 - - [27/May/2026:23:31:58 +0300] "GET /cf1988 HTTP/1.1" 200 134 "-" "Mozilla/5.0 (Windows NT 10.0; Win64; x64) AppleWebKit/537.36"
213.230.92.86 - - [27/May/2026:23:34:20 +0300] "GET http://www.eldaly-furniture-eg.com/ HTTP/1.1" 200 110036 "-" "GuzzleHttp/7"
173.208.240.82 - - [27/May/2026:23:36:58 +0300] "GET /cf1988 HTTP/1.1" 200 134 "-" "Mozilla/5.0 (Windows NT 10.0; Win64; x64) AppleWebKit/537.36"
173.208.240.82 - - [27/May/2026:23:42:10 +0300] "GET /cf1988 HTTP/1.1" 200 134 "-" "Mozilla/5.0 (Windows NT 10.0; Win64; x64) AppleWebKit/537.36"
173.208.240.82 - - [27/May/2026:23:46:57 +0300] "GET /cf1988 HTTP/1.1" 200 134 "-" "Mozilla/5.0 (Windows NT 10.0; Win64; x64) AppleWebKit/537.36"
173.208.240.82 - - [27/May/2026:23:52:07 +0300] "GET /cf1988 HTTP/1.1" 200 134 "-" "Mozilla/5.0 (Windows NT 10.0; Win64; x64) AppleWebKit/537.36"
198.23.130.204 - - [27/May/2026:23:53:23 +0300] "HEAD / HTTP/1.1" 200 - "-" "Mozilla/5.0 (Windows NT 10.0; Win64; x64; rv:149.0) Gecko/20100101 Firefox/149.0"
173.208.240.82 - - [27/May/2026:23:56:56 +0300] "GET /cf1988 HTTP/1.1" 200 134 "-" "Mozilla/5.0 (Windows NT 10.0; Win64; x64) AppleWebKit/537.36"
173.208.240.82 - - [28/May/2026:00:01:58 +0300] "GET /cf1988 HTTP/1.1" 200 134 "-" "Mozilla/5.0 (Windows NT 10.0; Win64; x64) AppleWebKit/537.36"
173.208.240.82 - - [28/May/2026:00:06:58 +0300] "GET /cf1988 HTTP/1.1" 200 134 "-" "Mozilla/5.0 (Windows NT 10.0; Win64; x64) AppleWebKit/537.36"
216.244.66.201 - - [28/May/2026:00:09:51 +0300] "GET /robots.txt HTTP/1.1" 200 110036 "-" "Mozilla/5.0 (compatible; DotBot/1.2; +https://opensiteexplorer.org/dotbot; help@moz.com)"
173.208.240.82 - - [28/May/2026:00:12:07 +0300] "GET /cf1988 HTTP/1.1" 200 134 "-" "Mozilla/5.0 (Windows NT 10.0; Win64; x64) AppleWebKit/537.36"
173.208.240.82 - - [28/May/2026:00:17:05 +0300] "GET /cf1988 HTTP/1.1" 200 134 "-" "Mozilla/5.0 (Windows NT 10.0; Win64; x64) AppleWebKit/537.36"
173.208.240.82 - - [28/May/2026:00:22:01 +0300] "GET /cf1988 HTTP/1.1" 200 134 "-" "Mozilla/5.0 (Windows NT 10.0; Win64; x64) AppleWebKit/537.36"
173.208.240.82 - - [28/May/2026:00:27:01 +0300] "GET /cf1988 HTTP/1.1" 200 134 "-" "Mozilla/5.0 (Windows NT 10.0; Win64; x64) AppleWebKit/537.36"
173.208.240.82 - - [28/May/2026:00:31:57 +0300] "GET /cf1988 HTTP/1.1" 200 134 "-" "Mozilla/5.0 (Windows NT 10.0; Win64; x64) AppleWebKit/537.36"
173.208.240.82 - - [28/May/2026:00:37:00 +0300] "GET /cf1988 HTTP/1.1" 200 134 "-" "Mozilla/5.0 (Windows NT 10.0; Win64; x64) AppleWebKit/537.36"
173.208.240.82 - - [28/May/2026:00:42:03 +0300] "GET /cf1988 HTTP/1.1" 200 134 "-" "Mozilla/5.0 (Windows NT 10.0; Win64; x64) AppleWebKit/537.36"
173.208.240.82 - - [28/May/2026:00:47:17 +0300] "GET /cf1988 HTTP/1.1" 200 134 "-" "Mozilla/5.0 (Windows NT 10.0; Win64; x64) AppleWebKit/537.36"
173.208.240.82 - - [28/May/2026:00:52:01 +0300] "GET /cf1988 HTTP/1.1" 200 134 "-" "Mozilla/5.0 (Windows NT 10.0; Win64; x64) AppleWebKit/537.36"
216.244.66.201 - - [28/May/2026:00:54:09 +0300] "GET /robots.txt HTTP/1.1" 200 110036 "-" "Mozilla/5.0 (compatible; DotBot/1.2; +https://opensiteexplorer.org/dotbot; help@moz.com)"
173.239.216.120 - - [28/May/2026:00:54:35 +0300] "POST /xmlrpc.php HTTP/1.1" 200 109953 "-" "Mozilla/5.0 (Windows NT 10.0; Win64; x64) AppleWebKit/537.36 (KHTML, like Gecko) Chrome/79.0.3945.130 Safari/537.36 OPR/66.0.3515.115"
173.239.216.120 - - [28/May/2026:00:54:56 +0300] "POST /xmlrpc.php HTTP/1.1" 200 109953 "-" "Mozilla/5.0 (Windows NT 10.0; Win64; x64) AppleWebKit/537.36 (KHTML, like Gecko) Chrome/79.0.3945.130 Safari/537.36 OPR/66.0.3515.115"
173.239.216.120 - - [28/May/2026:00:55:11 +0300] "POST /xmlrpc.php HTTP/1.1" 200 109953 "-" "Mozilla/5.0 (Windows NT 10.0; Win64; x64) AppleWebKit/537.36 (KHTML, like Gecko) Chrome/79.0.3945.130 Safari/537.36 OPR/66.0.3515.115"
173.239.216.120 - - [28/May/2026:00:55:26 +0300] "POST /xmlrpc.php HTTP/1.1" 200 109953 "-" "Mozilla/5.0 (Windows NT 10.0; Win64; x64) AppleWebKit/537.36 (KHTML, like Gecko) Chrome/79.0.3945.130 Safari/537.36 OPR/66.0.3515.115"
173.208.240.82 - - [28/May/2026:00:57:05 +0300] "GET /cf1988 HTTP/1.1" 200 134 "-" "Mozilla/5.0 (Windows NT 10.0; Win64; x64) AppleWebKit/537.36"
188.212.135.141 - - [28/May/2026:00:58:26 +0300] "POST /xmlrpc.php HTTP/1.1" 200 109953 "-" "Mozilla/5.0 (Macintosh; Intel Mac OS X 10_15_7) AppleWebKit/537.36 (KHTML, like Gecko) Chrome/127.0.0 Safari/537.36"
188.212.135.141 - - [28/May/2026:00:58:41 +0300] "POST /xmlrpc.php HTTP/1.1" 200 109953 "-" "Mozilla/5.0 (Macintosh; Intel Mac OS X 10_15_7) AppleWebKit/537.36 (KHTML, like Gecko) Chrome/127.0.0 Safari/537.36"
188.212.135.141 - - [28/May/2026:00:58:55 +0300] "POST /xmlrpc.php HTTP/1.1" 200 109953 "-" "Mozilla/5.0 (Macintosh; Intel Mac OS X 10_15_7) AppleWebKit/537.36 (KHTML, like Gecko) Chrome/127.0.0 Safari/537.36"
188.212.135.141 - - [28/May/2026:00:59:09 +0300] "POST /xmlrpc.php HTTP/1.1" 200 109953 "-" "Mozilla/5.0 (Macintosh; Intel Mac OS X 10_15_7) AppleWebKit/537.36 (KHTML, like Gecko) Chrome/127.0.0 Safari/537.36"
173.208.240.82 - - [28/May/2026:01:01:59 +0300] "GET /cf1988 HTTP/1.1" 200 134 "-" "Mozilla/5.0 (Windows NT 10.0; Win64; x64) AppleWebKit/537.36"
95.56.84.214 - - [28/May/2026:01:04:36 +0300] "GET / HTTP/1.1" 508 288 "-" "Mozilla/5.0 (Windows NT 10.0; Win64; x64) AppleWebKit/537.36 (KHTML, like Gecko) Chrome/120.0.0.0 Safari/537.36"
186.139.144.154 - - [28/May/2026:01:04:52 +0300] "GET / HTTP/1.1" 200 6689 "-" "Mozilla/5.0 (Windows NT 10.0; Win64; x64) AppleWebKit/537.36 (KHTML, like Gecko) Chrome/120.0.0.0 Safari/537.36"
45.189.57.33 - - [28/May/2026:01:05:09 +0300] "GET / HTTP/1.1" 200 6690 "-" "Mozilla/5.0 (Windows NT 10.0; Win64; x64) AppleWebKit/537.36 (KHTML, like Gecko) Chrome/120.0.0.0 Safari/537.36"
171.236.168.148 - - [28/May/2026:01:05:25 +0300] "GET / HTTP/1.1" 200 6690 "-" "Mozilla/5.0 (Windows NT 10.0; Win64; x64) AppleWebKit/537.36 (KHTML, like Gecko) Chrome/120.0.0.0 Safari/537.36"
154.121.102.229 - - [28/May/2026:01:05:39 +0300] "GET / HTTP/1.1" 200 6690 "-" "Mozilla/5.0 (Windows NT 10.0; Win64; x64) AppleWebKit/537.36 (KHTML, like Gecko) Chrome/120.0.0.0 Safari/537.36"
201.105.110.100 - - [28/May/2026:01:06:05 +0300] "GET / HTTP/1.1" 200 6690 "-" "Mozilla/5.0 (Windows NT 10.0; Win64; x64) AppleWebKit/537.36 (KHTML, like Gecko) Chrome/120.0.0.0 Safari/537.36"
72.255.26.88 - - [28/May/2026:01:06:25 +0300] "GET / HTTP/1.1" 200 6690 "-" "Mozilla/5.0 (Windows NT 10.0; Win64; x64) AppleWebKit/537.36 (KHTML, like Gecko) Chrome/120.0.0.0 Safari/537.36"
14.191.124.67 - - [28/May/2026:01:06:44 +0300] "GET / HTTP/1.1" 200 6691 "-" "Mozilla/5.0 (Windows NT 10.0; Win64; x64) AppleWebKit/537.36 (KHTML, like Gecko) Chrome/120.0.0.0 Safari/537.36"
103.58.74.56 - - [28/May/2026:01:06:58 +0300] "GET / HTTP/1.1" 200 6690 "-" "Mozilla/5.0 (Windows NT 10.0; Win64; x64) AppleWebKit/537.36 (KHTML, like Gecko) Chrome/120.0.0.0 Safari/537.36"
173.208.240.82 - - [28/May/2026:01:07:01 +0300] "GET /cf1988 HTTP/1.1" 200 134 "-" "Mozilla/5.0 (Windows NT 10.0; Win64; x64) AppleWebKit/537.36"
45.164.7.186 - - [28/May/2026:01:07:14 +0300] "GET / HTTP/1.1" 200 6690 "-" "Mozilla/5.0 (Windows NT 10.0; Win64; x64) AppleWebKit/537.36 (KHTML, like Gecko) Chrome/120.0.0.0 Safari/537.36"
73.170.183.185 - - [28/May/2026:01:07:47 +0300] "GET / HTTP/1.1" 200 6690 "-" "Mozilla/5.0 (Windows NT 10.0; Win64; x64) AppleWebKit/537.36 (KHTML, like Gecko) Chrome/120.0.0.0 Safari/537.36"
188.113.231.59 - - [28/May/2026:01:08:45 +0300] "GET / HTTP/1.1" 200 6690 "-" "Mozilla/5.0 (Windows NT 10.0; Win64; x64) AppleWebKit/537.36 (KHTML, like Gecko) Chrome/120.0.0.0 Safari/537.36"
95.174.118.210 - - [28/May/2026:01:09:32 +0300] "GET / HTTP/1.1" 200 6690 "-" "Mozilla/5.0 (Windows NT 10.0; Win64; x64) AppleWebKit/537.36 (KHTML, like Gecko) Chrome/120.0.0.0 Safari/537.36"
75.155.31.207 - - [28/May/2026:01:10:19 +0300] "GET / HTTP/1.1" 200 6690 "-" "Mozilla/5.0 (Windows NT 10.0; Win64; x64) AppleWebKit/537.36 (KHTML, like Gecko) Chrome/120.0.0.0 Safari/537.36"
89.93.103.14 - - [28/May/2026:01:11:02 +0300] "GET / HTTP/1.1" 200 6690 "-" "Mozilla/5.0 (Windows NT 10.0; Win64; x64) AppleWebKit/537.36 (KHTML, like Gecko) Chrome/120.0.0.0 Safari/537.36"
177.91.164.66 - - [28/May/2026:01:11:25 +0300] "GET / HTTP/1.1" 200 6690 "-" "Mozilla/5.0 (Windows NT 10.0; Win64; x64) AppleWebKit/537.36 (KHTML, like Gecko) Chrome/120.0.0.0 Safari/537.36"
197.146.205.183 - - [28/May/2026:01:11:47 +0300] "GET / HTTP/1.1" 200 6690 "-" "Mozilla/5.0 (Windows NT 10.0; Win64; x64) AppleWebKit/537.36 (KHTML, like Gecko) Chrome/120.0.0.0 Safari/537.36"
173.208.240.82 - - [28/May/2026:01:12:06 +0300] "GET /cf1988 HTTP/1.1" 200 134 "-" "Mozilla/5.0 (Windows NT 10.0; Win64; x64) AppleWebKit/537.36"
190.161.155.84 - - [28/May/2026:01:12:06 +0300] "GET / HTTP/1.1" 200 6690 "-" "Mozilla/5.0 (Windows NT 10.0; Win64; x64) AppleWebKit/537.36 (KHTML, like Gecko) Chrome/120.0.0.0 Safari/537.36"
200.10.31.152 - - [28/May/2026:01:12:20 +0300] "GET / HTTP/1.1" 200 6690 "-" "Mozilla/5.0 (Windows NT 10.0; Win64; x64) AppleWebKit/537.36 (KHTML, like Gecko) Chrome/120.0.0.0 Safari/537.36"
54.38.38.130 - - [28/May/2026:01:12:55 +0300] "GET /robots.txt HTTP/1.1" 200 110036 "-" "Mozilla/5.0 (compatible; MJ12bot/v1.4.8; http://mj12bot.com/)"
54.38.38.130 - - [28/May/2026:01:13:23 +0300] "GET /?edit=/home/eldalyfu/public_html/error_log&path=/home/eldalyfu/public_html HTTP/1.1" 200 3832 "-" "Mozilla/5.0 (compatible; MJ12bot/v1.4.8; http://mj12bot.com/)"
54.38.38.130 - - [28/May/2026:01:14:25 +0300] "GET /robots.txt HTTP/1.1" 200 110036 "-" "Mozilla/5.0 (compatible; MJ12bot/v1.4.8; http://mj12bot.com/)"
54.38.38.130 - - [28/May/2026:01:14:26 +0300] "GET /robots.txt HTTP/1.1" 200 110036 "-" "Mozilla/5.0 (compatible; MJ12bot/v1.4.8; http://mj12bot.com/)"
54.38.38.130 - - [28/May/2026:01:14:47 +0300] "GET /robots.txt HTTP/1.1" 200 110036 "-" "Mozilla/5.0 (compatible; MJ12bot/v1.4.8; http://mj12bot.com/)"
54.38.38.130 - - [28/May/2026:01:14:48 +0300] "GET /?edit=/home/eldalyfu/public_html/error_log&path=/home/eldalyfu/public_html HTTP/1.1" 200 3832 "-" "Mozilla/5.0 (compatible; MJ12bot/v1.4.8; http://mj12bot.com/)"
54.38.38.130 - - [28/May/2026:01:14:50 +0300] "GET /?edit=/home/eldalyfu/public_html/error_log&path=/home/eldalyfu/public_html HTTP/1.1" 200 3832 "-" "Mozilla/5.0 (compatible; MJ12bot/v1.4.8; http://mj12bot.com/)"
54.38.38.130 - - [28/May/2026:01:14:50 +0300] "GET /robots.txt HTTP/1.1" 200 110036 "-" "Mozilla/5.0 (compatible; MJ12bot/v1.4.8; http://mj12bot.com/)"
54.38.38.130 - - [28/May/2026:01:15:11 +0300] "GET /?edit=/home/eldalyfu/public_html/error_log&path=/home/eldalyfu/public_html HTTP/1.1" 200 3832 "-" "Mozilla/5.0 (compatible; MJ12bot/v1.4.8; http://mj12bot.com/)"
54.38.38.130 - - [28/May/2026:01:15:16 +0300] "GET /?edit=/home/eldalyfu/public_html/error_log&path=/home/eldalyfu/public_html HTTP/1.1" 200 3832 "-" "Mozilla/5.0 (compatible; MJ12bot/v1.4.8; http://mj12bot.com/)"
173.208.240.82 - - [28/May/2026:01:17:06 +0300] "GET /cf1988 HTTP/1.1" 200 134 "-" "Mozilla/5.0 (Windows NT 10.0; Win64; x64) AppleWebKit/537.36"
31.19.210.73 - - [28/May/2026:01:18:18 +0300] "GET / HTTP/1.1" 200 6696 "-" "Mozilla/5.0 (Windows NT 10.0; Win64; x64) AppleWebKit/537.36 (KHTML, like Gecko) Chrome/120.0.0.0 Safari/537.36"
83.110.122.171 - - [28/May/2026:01:18:43 +0300] "GET / HTTP/1.1" 200 6696 "-" "Mozilla/5.0 (Windows NT 10.0; Win64; x64) AppleWebKit/537.36 (KHTML, like Gecko) Chrome/120.0.0.0 Safari/537.36"
185.24.61.180 - - [28/May/2026:01:19:03 +0300] "GET / HTTP/1.1" 200 6696 "-" "Mozilla/5.0 (Windows NT 10.0; Win64; x64) AppleWebKit/537.36 (KHTML, like Gecko) Chrome/120.0.0.0 Safari/537.36"
87.201.105.163 - - [28/May/2026:01:19:17 +0300] "GET / HTTP/1.1" 200 6696 "-" "Mozilla/5.0 (Windows NT 10.0; Win64; x64) AppleWebKit/537.36 (KHTML, like Gecko) Chrome/120.0.0.0 Safari/537.36"
196.77.107.216 - - [28/May/2026:01:19:30 +0300] "GET / HTTP/1.1" 200 6696 "-" "Mozilla/5.0 (Windows NT 10.0; Win64; x64) AppleWebKit/537.36 (KHTML, like Gecko) Chrome/120.0.0.0 Safari/537.36"
173.208.240.82 - - [28/May/2026:01:22:03 +0300] "GET /cf1988 HTTP/1.1" 200 134 "-" "Mozilla/5.0 (Windows NT 10.0; Win64; x64) AppleWebKit/537.36"
181.93.106.64 - - [28/May/2026:01:22:18 +0300] "GET / HTTP/1.1" 200 6694 "-" "Mozilla/5.0 (Windows NT 10.0; Win64; x64) AppleWebKit/537.36 (KHTML, like Gecko) Chrome/120.0.0.0 Safari/537.36"
102.142.101.96 - - [28/May/2026:01:22:40 +0300] "GET / HTTP/1.1" 200 6696 "-" "Mozilla/5.0 (Windows NT 10.0; Win64; x64) AppleWebKit/537.36 (KHTML, like Gecko) Chrome/120.0.0.0 Safari/537.36"
154.248.250.53 - - [28/May/2026:01:22:57 +0300] "GET / HTTP/1.1" 200 6696 "-" "Mozilla/5.0 (Windows NT 10.0; Win64; x64) AppleWebKit/537.36 (KHTML, like Gecko) Chrome/120.0.0.0 Safari/537.36"
171.236.58.62 - - [28/May/2026:01:23:16 +0300] "GET / HTTP/1.1" 200 6697 "-" "Mozilla/5.0 (Windows NT 10.0; Win64; x64) AppleWebKit/537.36 (KHTML, like Gecko) Chrome/120.0.0.0 Safari/537.36"
186.247.204.188 - - [28/May/2026:01:23:32 +0300] "GET / HTTP/1.1" 200 6697 "-" "Mozilla/5.0 (Windows NT 10.0; Win64; x64) AppleWebKit/537.36 (KHTML, like Gecko) Chrome/120.0.0.0 Safari/537.36"
84.54.72.24 - - [28/May/2026:01:24:04 +0300] "GET / HTTP/1.1" 200 6696 "-" "Mozilla/5.0 (Windows NT 10.0; Win64; x64) AppleWebKit/537.36 (KHTML, like Gecko) Chrome/120.0.0.0 Safari/537.36"
186.82.84.238 - - [28/May/2026:01:24:27 +0300] "GET / HTTP/1.1" 200 6691 "-" "Mozilla/5.0 (Windows NT 10.0; Win64; x64) AppleWebKit/537.36 (KHTML, like Gecko) Chrome/120.0.0.0 Safari/537.36"
79.177.145.101 - - [28/May/2026:01:24:42 +0300] "GET / HTTP/1.1" 200 6692 "-" "Mozilla/5.0 (Windows NT 10.0; Win64; x64) AppleWebKit/537.36 (KHTML, like Gecko) Chrome/120.0.0.0 Safari/537.36"
186.101.143.131 - - [28/May/2026:01:24:58 +0300] "GET / HTTP/1.1" 200 6691 "-" "Mozilla/5.0 (Windows NT 10.0; Win64; x64) AppleWebKit/537.36 (KHTML, like Gecko) Chrome/120.0.0.0 Safari/537.36"
82.102.222.199 - - [28/May/2026:01:25:12 +0300] "GET / HTTP/1.1" 200 6691 "-" "Mozilla/5.0 (Windows NT 10.0; Win64; x64) AppleWebKit/537.36 (KHTML, like Gecko) Chrome/120.0.0.0 Safari/537.36"
173.208.240.82 - - [28/May/2026:01:26:59 +0300] "GET /cf1988 HTTP/1.1" 200 134 "-" "Mozilla/5.0 (Windows NT 10.0; Win64; x64) AppleWebKit/537.36"
187.189.146.228 - - [28/May/2026:01:28:08 +0300] "GET / HTTP/1.1" 200 6691 "-" "Mozilla/5.0 (Windows NT 10.0; Win64; x64) AppleWebKit/537.36 (KHTML, like Gecko) Chrome/120.0.0.0 Safari/537.36"
181.78.21.43 - - [28/May/2026:01:28:32 +0300] "GET / HTTP/1.1" 200 6691 "-" "Mozilla/5.0 (Windows NT 10.0; Win64; x64) AppleWebKit/537.36 (KHTML, like Gecko) Chrome/120.0.0.0 Safari/537.36"
62.201.239.192 - - [28/May/2026:01:28:53 +0300] "GET / HTTP/1.1" 200 6691 "-" "Mozilla/5.0 (Windows NT 10.0; Win64; x64) AppleWebKit/537.36 (KHTML, like Gecko) Chrome/120.0.0.0 Safari/537.36"
84.54.72.9 - - [28/May/2026:01:29:10 +0300] "GET / HTTP/1.1" 200 6691 "-" "Mozilla/5.0 (Windows NT 10.0; Win64; x64) AppleWebKit/537.36 (KHTML, like Gecko) Chrome/120.0.0.0 Safari/537.36"
82.167.60.143 - - [28/May/2026:01:29:26 +0300] "GET / HTTP/1.1" 200 6691 "-" "Mozilla/5.0 (Windows NT 10.0; Win64; x64) AppleWebKit/537.36 (KHTML, like Gecko) Chrome/120.0.0.0 Safari/537.36"
45.178.29.61 - - [28/May/2026:01:29:57 +0300] "GET / HTTP/1.1" 200 6691 "-" "Mozilla/5.0 (Windows NT 10.0; Win64; x64) AppleWebKit/537.36 (KHTML, like Gecko) Chrome/120.0.0.0 Safari/537.36"
138.59.185.174 - - [28/May/2026:01:30:21 +0300] "GET / HTTP/1.1" 200 6691 "-" "Mozilla/5.0 (Windows NT 10.0; Win64; x64) AppleWebKit/537.36 (KHTML, like Gecko) Chrome/120.0.0.0 Safari/537.36"
172.59.25.171 - - [28/May/2026:01:31:13 +0300] "GET / HTTP/1.1" 200 6691 "-" "Mozilla/5.0 (Windows NT 10.0; Win64; x64) AppleWebKit/537.36 (KHTML, like Gecko) Chrome/120.0.0.0 Safari/537.36"
188.48.168.7 - - [28/May/2026:01:32:02 +0300] "GET / HTTP/1.1" 200 6691 "-" "Mozilla/5.0 (Windows NT 10.0; Win64; x64) AppleWebKit/537.36 (KHTML, like Gecko) Chrome/120.0.0.0 Safari/537.36"
173.208.240.82 - - [28/May/2026:01:32:18 +0300] "GET /cf1988 HTTP/1.1" 200 134 "-" "Mozilla/5.0 (Windows NT 10.0; Win64; x64) AppleWebKit/537.36"
173.208.240.82 - - [28/May/2026:01:37:02 +0300] "GET /cf1988 HTTP/1.1" 200 134 "-" "Mozilla/5.0 (Windows NT 10.0; Win64; x64) AppleWebKit/537.36"
216.244.66.201 - - [28/May/2026:01:38:27 +0300] "GET /robots.txt HTTP/1.1" 200 110036 "-" "Mozilla/5.0 (compatible; DotBot/1.2; +https://opensiteexplorer.org/dotbot; help@moz.com)"
173.208.240.82 - - [28/May/2026:01:42:04 +0300] "GET /cf1988 HTTP/1.1" 200 134 "-" "Mozilla/5.0 (Windows NT 10.0; Win64; x64) AppleWebKit/537.36"
186.29.34.79 - - [28/May/2026:01:42:21 +0300] "GET / HTTP/1.1" 200 6692 "-" "Mozilla/5.0 (Windows NT 10.0; Win64; x64) AppleWebKit/537.36 (KHTML, like Gecko) Chrome/120.0.0.0 Safari/537.36"
103.95.32.2 - - [28/May/2026:01:42:45 +0300] "GET / HTTP/1.1" 200 6691 "-" "Mozilla/5.0 (Windows NT 10.0; Win64; x64) AppleWebKit/537.36 (KHTML, like Gecko) Chrome/120.0.0.0 Safari/537.36"
41.135.19.189 - - [28/May/2026:01:43:07 +0300] "GET / HTTP/1.1" 200 6691 "-" "Mozilla/5.0 (Windows NT 10.0; Win64; x64) AppleWebKit/537.36 (KHTML, like Gecko) Chrome/120.0.0.0 Safari/537.36"
45.181.73.141 - - [28/May/2026:01:43:24 +0300] "GET / HTTP/1.1" 200 6691 "-" "Mozilla/5.0 (Windows NT 10.0; Win64; x64) AppleWebKit/537.36 (KHTML, like Gecko) Chrome/120.0.0.0 Safari/537.36"
197.147.210.141 - - [28/May/2026:01:43:40 +0300] "GET / HTTP/1.1" 200 6691 "-" "Mozilla/5.0 (Windows NT 10.0; Win64; x64) AppleWebKit/537.36 (KHTML, like Gecko) Chrome/120.0.0.0 Safari/537.36"
37.140.254.52 - - [28/May/2026:01:44:08 +0300] "POST /xmlrpc.php HTTP/1.1" 200 109953 "-" "Mozilla/5.0 (Windows NT 10.0; Win64; x64) AppleWebKit/537.36 (KHTML, like Gecko) Chrome/114.0.0.0 YaBrowser/22.7.0 Yowser/2.5 Safari/537.36"
173.239.216.78 - - [28/May/2026:01:44:44 +0300] "POST /xmlrpc.php HTTP/1.1" 200 109953 "-" "Mozilla/5.0 (Windows NT 10.0; Win64; x64) AppleWebKit/537.36 (KHTML, like Gecko) Chrome/114.0.0.0 YaBrowser/22.7.0 Yowser/2.5 Safari/537.36"
173.239.216.71 - - [28/May/2026:01:45:21 +0300] "POST /xmlrpc.php HTTP/1.1" 200 109953 "-" "Mozilla/5.0 (Windows NT 10.0; Win64; x64) AppleWebKit/537.36 (KHTML, like Gecko) Chrome/114.0.0.0 YaBrowser/22.7.0 Yowser/2.5 Safari/537.36"
173.239.216.71 - - [28/May/2026:01:45:55 +0300] "POST /xmlrpc.php HTTP/1.1" 200 109953 "-" "Mozilla/5.0 (Windows NT 10.0; Win64; x64) AppleWebKit/537.36 (KHTML, like Gecko) Chrome/114.0.0.0 YaBrowser/22.7.0 Yowser/2.5 Safari/537.36"
173.208.240.82 - - [28/May/2026:01:47:00 +0300] "GET /cf1988 HTTP/1.1" 200 134 "-" "Mozilla/5.0 (Windows NT 10.0; Win64; x64) AppleWebKit/537.36"
157.100.137.11 - - [28/May/2026:01:50:48 +0300] "GET / HTTP/1.1" 200 6687 "-" "Mozilla/5.0 (Windows NT 10.0; Win64; x64) AppleWebKit/537.36 (KHTML, like Gecko) Chrome/120.0.0.0 Safari/537.36"
190.215.81.82 - - [28/May/2026:01:51:14 +0300] "GET / HTTP/1.1" 200 6688 "-" "Mozilla/5.0 (Windows NT 10.0; Win64; x64) AppleWebKit/537.36 (KHTML, like Gecko) Chrome/120.0.0.0 Safari/537.36"
128.0.101.72 - - [28/May/2026:01:51:36 +0300] "GET / HTTP/1.1" 200 6688 "-" "Mozilla/5.0 (Windows NT 10.0; Win64; x64) AppleWebKit/537.36 (KHTML, like Gecko) Chrome/120.0.0.0 Safari/537.36"
1.1.210.69 - - [28/May/2026:01:51:54 +0300] "GET / HTTP/1.1" 200 6688 "-" "Mozilla/5.0 (Windows NT 10.0; Win64; x64) AppleWebKit/537.36 (KHTML, like Gecko) Chrome/120.0.0.0 Safari/537.36"
173.252.87.114 - - [28/May/2026:01:51:59 +0300] "GET /robots.txt HTTP/1.1" 200 8142 "-" "facebookexternalhit/1.1 (+http://www.facebook.com/externalhit_uatext.php)"
173.252.87.27 - - [28/May/2026:01:52:00 +0300] "GET /robots.txt HTTP/1.1" 200 8142 "-" "facebookexternalhit/1.1 (+http://www.facebook.com/externalhit_uatext.php)"
173.208.240.82 - - [28/May/2026:01:52:03 +0300] "GET /cf1988 HTTP/1.1" 200 134 "-" "Mozilla/5.0 (Windows NT 10.0; Win64; x64) AppleWebKit/537.36"
45.165.222.12 - - [28/May/2026:01:52:10 +0300] "GET / HTTP/1.1" 200 6688 "-" "Mozilla/5.0 (Windows NT 10.0; Win64; x64) AppleWebKit/537.36 (KHTML, like Gecko) Chrome/120.0.0.0 Safari/537.36"
173.208.240.82 - - [28/May/2026:01:57:00 +0300] "GET /cf1988 HTTP/1.1" 200 134 "-" "Mozilla/5.0 (Windows NT 10.0; Win64; x64) AppleWebKit/537.36"
173.208.240.82 - - [28/May/2026:02:02:03 +0300] "GET /cf1988 HTTP/1.1" 200 134 "-" "Mozilla/5.0 (Windows NT 10.0; Win64; x64) AppleWebKit/537.36"
173.208.240.82 - - [28/May/2026:02:07:05 +0300] "GET /cf1988 HTTP/1.1" 200 134 "-" "Mozilla/5.0 (Windows NT 10.0; Win64; x64) AppleWebKit/537.36"
173.208.240.82 - - [28/May/2026:02:12:01 +0300] "GET /cf1988 HTTP/1.1" 200 134 "-" "Mozilla/5.0 (Windows NT 10.0; Win64; x64) AppleWebKit/537.36"
173.208.240.82 - - [28/May/2026:02:17:08 +0300] "GET /cf1988 HTTP/1.1" 200 134 "-" "Mozilla/5.0 (Windows NT 10.0; Win64; x64) AppleWebKit/537.36"
173.208.240.82 - - [28/May/2026:02:22:02 +0300] "GET /cf1988 HTTP/1.1" 200 134 "-" "Mozilla/5.0 (Windows NT 10.0; Win64; x64) AppleWebKit/537.36"
173.208.240.82 - - [28/May/2026:02:27:01 +0300] "GET /cf1988 HTTP/1.1" 200 134 "-" "Mozilla/5.0 (Windows NT 10.0; Win64; x64) AppleWebKit/537.36"
64.233.172.194 - - [28/May/2026:02:32:09 +0300] "GET / HTTP/1.1" 200 6691 "-" "Mozilla/5.0 (en-us) AppleWebKit/537.36 (KHTML, like Gecko; Fan Finder) Chrome/148.0.7778.96 Safari/537.36"
173.208.240.82 - - [28/May/2026:02:32:10 +0300] "GET /cf1988 HTTP/1.1" 200 134 "-" "Mozilla/5.0 (Windows NT 10.0; Win64; x64) AppleWebKit/537.36"
173.208.240.82 - - [28/May/2026:02:37:02 +0300] "GET /cf1988 HTTP/1.1" 200 134 "-" "Mozilla/5.0 (Windows NT 10.0; Win64; x64) AppleWebKit/537.36"
173.208.240.82 - - [28/May/2026:02:42:06 +0300] "GET /cf1988 HTTP/1.1" 200 134 "-" "Mozilla/5.0 (Windows NT 10.0; Win64; x64) AppleWebKit/537.36"
173.208.240.82 - - [28/May/2026:02:47:06 +0300] "GET /cf1988 HTTP/1.1" 200 134 "-" "Mozilla/5.0 (Windows NT 10.0; Win64; x64) AppleWebKit/537.36"
173.208.240.82 - - [28/May/2026:02:52:02 +0300] "GET /cf1988 HTTP/1.1" 200 134 "-" "Mozilla/5.0 (Windows NT 10.0; Win64; x64) AppleWebKit/537.36"
173.208.240.82 - - [28/May/2026:02:57:02 +0300] "GET /cf1988 HTTP/1.1" 200 134 "-" "Mozilla/5.0 (Windows NT 10.0; Win64; x64) AppleWebKit/537.36"
173.208.240.82 - - [28/May/2026:03:02:06 +0300] "GET /cf1988 HTTP/1.1" 200 134 "-" "Mozilla/5.0 (Windows NT 10.0; Win64; x64) AppleWebKit/537.36"
216.244.66.201 - - [28/May/2026:03:05:35 +0300] "GET /robots.txt HTTP/1.1" 200 110036 "-" "Mozilla/5.0 (compatible; DotBot/1.2; +https://opensiteexplorer.org/dotbot; help@moz.com)"
173.208.240.82 - - [28/May/2026:03:07:04 +0300] "GET /cf1988 HTTP/1.1" 200 134 "-" "Mozilla/5.0 (Windows NT 10.0; Win64; x64) AppleWebKit/537.36"
147.135.214.166 - - [28/May/2026:03:07:34 +0300] "GET /robots.txt HTTP/1.1" 200 110036 "-" "Mozilla/5.0 (compatible; MJ12bot/v1.4.8; http://mj12bot.com/)"
147.135.214.166 - - [28/May/2026:03:08:12 +0300] "GET /?edit=/home/eldalyfu/public_html/google3e925b58e4051f66.html&path=/home/eldalyfu/public_html HTTP/1.1" 200 951 "-" "Mozilla/5.0 (compatible; MJ12bot/v1.4.8; http://mj12bot.com/)"
190.49.24.147 - - [28/May/2026:03:08:33 +0300] "GET / HTTP/1.1" 200 6691 "-" "Mozilla/5.0 (Windows NT 10.0; Win64; x64) AppleWebKit/537.36 (KHTML, like Gecko) Chrome/120.0.0.0 Safari/537.36"
189.159.249.123 - - [28/May/2026:03:08:56 +0300] "GET / HTTP/1.1" 200 6691 "-" "Mozilla/5.0 (Windows NT 10.0; Win64; x64) AppleWebKit/537.36 (KHTML, like Gecko) Chrome/120.0.0.0 Safari/537.36"
190.135.139.99 - - [28/May/2026:03:09:17 +0300] "GET / HTTP/1.1" 200 6692 "-" "Mozilla/5.0 (Windows NT 10.0; Win64; x64) AppleWebKit/537.36 (KHTML, like Gecko) Chrome/120.0.0.0 Safari/537.36"
186.39.72.186 - - [28/May/2026:03:09:33 +0300] "GET / HTTP/1.1" 200 6691 "-" "Mozilla/5.0 (Windows NT 10.0; Win64; x64) AppleWebKit/537.36 (KHTML, like Gecko) Chrome/120.0.0.0 Safari/537.36"
217.20.253.231 - - [28/May/2026:03:09:51 +0300] "GET / HTTP/1.1" 200 6690 "-" "Mozilla/5.0 (Windows NT 10.0; Win64; x64) AppleWebKit/537.36 (KHTML, like Gecko) Chrome/120.0.0.0 Safari/537.36"
216.244.66.201 - - [28/May/2026:03:10:52 +0300] "GET /2026/05/23/hell-spin-w-polsce-bezpieczne-patnoci-i-szybkie-696/ HTTP/1.1" 200 110036 "-" "Mozilla/5.0 (compatible; DotBot/1.2; +https://opensiteexplorer.org/dotbot; help@moz.com)"
173.208.240.82 - - [28/May/2026:03:12:03 +0300] "GET /cf1988 HTTP/1.1" 200 134 "-" "Mozilla/5.0 (Windows NT 10.0; Win64; x64) AppleWebKit/537.36"
216.244.66.201 - - [28/May/2026:03:12:38 +0300] "GET /product-category/bed-rooms/?product-page=1&add-to-cart=7603 HTTP/1.1" 200 110036 "-" "Mozilla/5.0 (compatible; DotBot/1.2; +https://opensiteexplorer.org/dotbot; help@moz.com)"
216.244.66.201 - - [28/May/2026:03:14:20 +0300] "GET /shop/?product-page=5&add-to-cart=5981 HTTP/1.1" 200 110036 "-" "Mozilla/5.0 (compatible; DotBot/1.2; +https://opensiteexplorer.org/dotbot; help@moz.com)"
173.208.240.82 - - [28/May/2026:03:17:06 +0300] "GET /cf1988 HTTP/1.1" 200 134 "-" "Mozilla/5.0 (Windows NT 10.0; Win64; x64) AppleWebKit/537.36"
173.208.240.82 - - [28/May/2026:03:22:03 +0300] "GET /cf1988 HTTP/1.1" 200 134 "-" "Mozilla/5.0 (Windows NT 10.0; Win64; x64) AppleWebKit/537.36"
173.208.240.82 - - [28/May/2026:03:27:04 +0300] "GET /cf1988 HTTP/1.1" 200 134 "-" "Mozilla/5.0 (Windows NT 10.0; Win64; x64) AppleWebKit/537.36"
173.208.240.82 - - [28/May/2026:03:32:09 +0300] "GET /cf1988 HTTP/1.1" 200 134 "-" "Mozilla/5.0 (Windows NT 10.0; Win64; x64) AppleWebKit/537.36"
173.208.240.82 - - [28/May/2026:03:37:01 +0300] "GET /cf1988 HTTP/1.1" 200 134 "-" "Mozilla/5.0 (Windows NT 10.0; Win64; x64) AppleWebKit/537.36"
173.208.240.82 - - [28/May/2026:03:42:06 +0300] "GET /cf1988 HTTP/1.1" 200 134 "-" "Mozilla/5.0 (Windows NT 10.0; Win64; x64) AppleWebKit/537.36"
173.208.240.82 - - [28/May/2026:03:47:02 +0300] "GET /cf1988 HTTP/1.1" 200 134 "-" "Mozilla/5.0 (Windows NT 10.0; Win64; x64) AppleWebKit/537.36"
216.244.66.201 - - [28/May/2026:03:49:21 +0300] "GET /robots.txt HTTP/1.1" 200 110036 "-" "Mozilla/5.0 (compatible; DotBot/1.2; +https://opensiteexplorer.org/dotbot; help@moz.com)"
173.208.240.82 - - [28/May/2026:03:52:05 +0300] "GET /cf1988 HTTP/1.1" 200 134 "-" "Mozilla/5.0 (Windows NT 10.0; Win64; x64) AppleWebKit/537.36"
216.244.66.201 - - [28/May/2026:03:54:59 +0300] "GET /2026/05/23/351-5/ HTTP/1.1" 200 110036 "-" "Mozilla/5.0 (compatible; DotBot/1.2; +https://opensiteexplorer.org/dotbot; help@moz.com)"
216.244.66.201 - - [28/May/2026:03:55:29 +0300] "GET /2026/05/22/goldrausch-im-netz-mit-jackpotpiraten-login-zu-exklusiven-boni/ HTTP/1.1" 200 110036 "-" "Mozilla/5.0 (compatible; DotBot/1.2; +https://opensiteexplorer.org/dotbot; help@moz.com)"
216.244.66.201 - - [28/May/2026:03:56:09 +0300] "GET /product/%D8%BA%D8%B1%D9%81%D9%87-%D8%B4%D8%A8%D8%A7%D8%A8%D9%8A-%D8%A7%D9%84%D9%8A%D8%B3/feed/ HTTP/1.1" 200 110036 "-" "Mozilla/5.0 (compatible; DotBot/1.2; +https://opensiteexplorer.org/dotbot; help@moz.com)"
173.208.240.82 - - [28/May/2026:03:56:58 +0300] "GET /cf1988 HTTP/1.1" 200 134 "-" "Mozilla/5.0 (Windows NT 10.0; Win64; x64) AppleWebKit/537.36"
216.244.66.201 - - [28/May/2026:03:57:00 +0300] "GET /2026/05/18/oficialnyj-sajt-v-kazahstane-olimp-casino-15273/feed/ HTTP/1.1" 200 110036 "-" "Mozilla/5.0 (compatible; DotBot/1.2; +https://opensiteexplorer.org/dotbot; help@moz.com)"
216.244.66.201 - - [28/May/2026:03:57:50 +0300] "GET /2026/05/19/julius-casino-en-ligne-exprience-mobile-et-jeux-671/feed/ HTTP/1.1" 200 110036 "-" "Mozilla/5.0 (compatible; DotBot/1.2; +https://opensiteexplorer.org/dotbot; help@moz.com)"
216.244.66.201 - - [28/May/2026:03:58:41 +0300] "GET /shop/?product-page=1&add-to-cart=7588 HTTP/1.1" 200 110036 "-" "Mozilla/5.0 (compatible; DotBot/1.2; +https://opensiteexplorer.org/dotbot; help@moz.com)"
216.244.66.201 - - [28/May/2026:03:59:31 +0300] "GET /shop/?product-page=1&add-to-cart=7626 HTTP/1.1" 200 110036 "-" "Mozilla/5.0 (compatible; DotBot/1.2; +https://opensiteexplorer.org/dotbot; help@moz.com)"
216.244.66.201 - - [28/May/2026:04:00:21 +0300] "GET /shop/?product-page=5&add-to-cart=5997 HTTP/1.1" 200 110036 "-" "Mozilla/5.0 (compatible; DotBot/1.2; +https://opensiteexplorer.org/dotbot; help@moz.com)"
173.208.240.82 - - [28/May/2026:04:02:01 +0300] "GET /cf1988 HTTP/1.1" 200 134 "-" "Mozilla/5.0 (Windows NT 10.0; Win64; x64) AppleWebKit/537.36"
173.208.240.82 - - [28/May/2026:04:07:06 +0300] "GET /cf1988 HTTP/1.1" 200 134 "-" "Mozilla/5.0 (Windows NT 10.0; Win64; x64) AppleWebKit/537.36"
173.208.240.82 - - [28/May/2026:04:11:58 +0300] "GET /cf1988 HTTP/1.1" 200 134 "-" "Mozilla/5.0 (Windows NT 10.0; Win64; x64) AppleWebKit/537.36"
173.208.240.82 - - [28/May/2026:04:17:32 +0300] "GET /cf1988 HTTP/1.1" 200 134 "-" "Mozilla/5.0 (Windows NT 10.0; Win64; x64) AppleWebKit/537.36"
135.181.213.219 - - [28/May/2026:04:19:16 +0300] "GET /robots.txt HTTP/1.1" 200 110036 "-" "Mozilla/5.0 (compatible; MJ12bot/v1.4.8; http://mj12bot.com/)"
135.181.213.219 - - [28/May/2026:04:19:55 +0300] "GET /?edit=/home/eldalyfu/public_html/index.php&path=/home/eldalyfu/public_html HTTP/1.1" 200 5522 "-" "Mozilla/5.0 (compatible; MJ12bot/v1.4.8; http://mj12bot.com/)"
173.208.240.82 - - [28/May/2026:04:22:00 +0300] "GET /cf1988 HTTP/1.1" 200 134 "-" "Mozilla/5.0 (Windows NT 10.0; Win64; x64) AppleWebKit/537.36"
173.208.240.82 - - [28/May/2026:04:27:05 +0300] "GET /cf1988 HTTP/1.1" 200 134 "-" "Mozilla/5.0 (Windows NT 10.0; Win64; x64) AppleWebKit/537.36"
173.208.240.82 - - [28/May/2026:04:32:20 +0300] "GET /cf1988 HTTP/1.1" 200 134 "-" "Mozilla/5.0 (Windows NT 10.0; Win64; x64) AppleWebKit/537.36"
216.244.66.201 - - [28/May/2026:04:34:05 +0300] "GET /robots.txt HTTP/1.1" 200 110036 "-" "Mozilla/5.0 (compatible; DotBot/1.2; +https://opensiteexplorer.org/dotbot; help@moz.com)"
173.208.240.82 - - [28/May/2026:04:37:16 +0300] "GET /cf1988 HTTP/1.1" 200 134 "-" "Mozilla/5.0 (Windows NT 10.0; Win64; x64) AppleWebKit/537.36"
165.22.41.148 - - [28/May/2026:04:41:36 +0300] "GET / HTTP/1.1" 200 6690 "-" "Mozilla/5.0 (X11; Linux x86_64) AppleWebKit/537.36 (KHTML, like Gecko) Chrome/142.0.0.0 Safari/537.36"
173.208.240.82 - - [28/May/2026:04:42:19 +0300] "GET /cf1988 HTTP/1.1" 200 134 "-" "Mozilla/5.0 (Windows NT 10.0; Win64; x64) AppleWebKit/537.36"
173.208.240.82 - - [28/May/2026:04:47:03 +0300] "GET /cf1988 HTTP/1.1" 200 134 "-" "Mozilla/5.0 (Windows NT 10.0; Win64; x64) AppleWebKit/537.36"
173.208.240.82 - - [28/May/2026:04:52:31 +0300] "GET /cf1988 HTTP/1.1" 200 134 "-" "Mozilla/5.0 (Windows NT 10.0; Win64; x64) AppleWebKit/537.36"
110.42.208.131 - - [28/May/2026:04:54:11 +0300] "GET / HTTP/1.1" 200 6693 "-" "Mozilla/5.0 (iPhone; CPU iPhone OS 13_2_3 like Mac OS X) AppleWebKit/605.1.15 (KHTML, like Gecko) Version/13.0.3 Mobile/15E148 Safari/604.1"
173.208.240.82 - - [28/May/2026:04:57:01 +0300] "GET /cf1988 HTTP/1.1" 200 134 "-" "Mozilla/5.0 (Windows NT 10.0; Win64; x64) AppleWebKit/537.36"
173.208.240.82 - - [28/May/2026:05:02:05 +0300] "GET /cf1988 HTTP/1.1" 200 134 "-" "Mozilla/5.0 (Windows NT 10.0; Win64; x64) AppleWebKit/537.36"
173.208.240.82 - - [28/May/2026:05:06:59 +0300] "GET /cf1988 HTTP/1.1" 200 134 "-" "Mozilla/5.0 (Windows NT 10.0; Win64; x64) AppleWebKit/537.36"
173.208.240.82 - - [28/May/2026:05:12:58 +0300] "GET /cf1988 HTTP/1.1" 200 134 "-" "Mozilla/5.0 (Windows NT 10.0; Win64; x64) AppleWebKit/537.36"
173.208.240.82 - - [28/May/2026:05:17:38 +0300] "GET /cf1988 HTTP/1.1" 200 134 "-" "Mozilla/5.0 (Windows NT 10.0; Win64; x64) AppleWebKit/537.36"
216.244.66.201 - - [28/May/2026:05:18:54 +0300] "GET /robots.txt HTTP/1.1" 200 110036 "-" "Mozilla/5.0 (compatible; DotBot/1.2; +https://opensiteexplorer.org/dotbot; help@moz.com)"
5.135.131.86 - - [28/May/2026:05:21:17 +0300] "GET /robots.txt HTTP/1.1" 200 110036 "-" "Mozilla/5.0 (compatible; MJ12bot/v1.4.8; http://mj12bot.com/)"
5.135.131.86 - - [28/May/2026:05:21:41 +0300] "GET /?edit=/home/eldalyfu/public_html/license.txt&path=/home/eldalyfu/public_html HTTP/1.1" 200 8418 "-" "Mozilla/5.0 (compatible; MJ12bot/v1.4.8; http://mj12bot.com/)"
173.208.240.82 - - [28/May/2026:05:22:27 +0300] "GET /cf1988 HTTP/1.1" 200 134 "-" "Mozilla/5.0 (Windows NT 10.0; Win64; x64) AppleWebKit/537.36"
173.208.240.82 - - [28/May/2026:05:27:05 +0300] "GET /cf1988 HTTP/1.1" 200 134 "-" "Mozilla/5.0 (Windows NT 10.0; Win64; x64) AppleWebKit/537.36"
209.38.78.202 - - [28/May/2026:05:28:33 +0300] "GET /wp-login.php HTTP/1.1" 200 6672 "-" "Mozilla/5.0"
134.209.182.36 - - [28/May/2026:05:30:52 +0300] "GET /wp-login.php HTTP/1.1" 200 6672 "-" "Mozilla/5.0"
134.209.182.36 - - [28/May/2026:05:31:03 +0300] "GET /?author=1 HTTP/1.1" 200 6692 "-" "Mozilla/5.0"
134.209.182.36 - - [28/May/2026:05:31:08 +0300] "GET /?feed=rss2 HTTP/1.1" 200 6693 "-" "Mozilla/5.0"
173.208.240.82 - - [28/May/2026:05:32:06 +0300] "GET /cf1988 HTTP/1.1" 200 134 "-" "Mozilla/5.0 (Windows NT 10.0; Win64; x64) AppleWebKit/537.36"
173.208.240.82 - - [28/May/2026:05:37:06 +0300] "GET /cf1988 HTTP/1.1" 200 134 "-" "Mozilla/5.0 (Windows NT 10.0; Win64; x64) AppleWebKit/537.36"
173.208.240.82 - - [28/May/2026:05:42:05 +0300] "GET /cf1988 HTTP/1.1" 200 134 "-" "Mozilla/5.0 (Windows NT 10.0; Win64; x64) AppleWebKit/537.36"
173.208.240.82 - - [28/May/2026:05:47:02 +0300] "GET /cf1988 HTTP/1.1" 200 134 "-" "Mozilla/5.0 (Windows NT 10.0; Win64; x64) AppleWebKit/537.36"
85.11.167.19 - - [28/May/2026:05:50:42 +0300] "GET /.env HTTP/1.1" 200 6697 "-" "python-requests/2.32.4"
173.208.240.82 - - [28/May/2026:05:52:09 +0300] "GET /cf1988 HTTP/1.1" 200 134 "-" "Mozilla/5.0 (Windows NT 10.0; Win64; x64) AppleWebKit/537.36"
173.208.240.82 - - [28/May/2026:05:57:15 +0300] "GET /cf1988 HTTP/1.1" 200 134 "-" "Mozilla/5.0 (Windows NT 10.0; Win64; x64) AppleWebKit/537.36"
173.208.240.82 - - [28/May/2026:06:02:11 +0300] "GET /cf1988 HTTP/1.1" 200 134 "-" "Mozilla/5.0 (Windows NT 10.0; Win64; x64) AppleWebKit/537.36"
216.244.66.201 - - [28/May/2026:06:04:00 +0300] "GET /robots.txt HTTP/1.1" 200 110036 "-" "Mozilla/5.0 (compatible; DotBot/1.2; +https://opensiteexplorer.org/dotbot; help@moz.com)"
173.208.240.82 - - [28/May/2026:06:07:02 +0300] "GET /cf1988 HTTP/1.1" 200 134 "-" "Mozilla/5.0 (Windows NT 10.0; Win64; x64) AppleWebKit/537.36"
134.209.182.36 - - [28/May/2026:06:08:26 +0300] "POST /wp-login.php HTTP/1.1" 200 109950 "-" "Mozilla/5.0"
216.244.66.201 - - [28/May/2026:06:10:39 +0300] "GET /product/%D8%BA%D8%B1%D9%81%D8%A9-%D8%B3%D9%81%D8%B1%D8%A9-%D9%81%D9%8A%D9%86%D9%86%D8%A7/ HTTP/1.1" 200 110036 "-" "Mozilla/5.0 (compatible; DotBot/1.2; +https://opensiteexplorer.org/dotbot; help@moz.com)"
216.244.66.201 - - [28/May/2026:06:11:09 +0300] "GET /product/%D8%BA%D8%B1%D9%81%D8%A9-%D9%86%D9%88%D9%85-%D9%83%D9%84%D8%A7%D9%88%D8%AF%D9%8A/ HTTP/1.1" 200 110036 "-" "Mozilla/5.0 (compatible; DotBot/1.2; +https://opensiteexplorer.org/dotbot; help@moz.com)"
216.244.66.201 - - [28/May/2026:06:11:49 +0300] "GET /product/%D8%BA%D8%B1%D9%81%D8%A9-%D9%86%D9%88%D9%85-%D8%B3%D8%AA%D8%A7%D9%8A%D9%84/feed/ HTTP/1.1" 200 110036 "-" "Mozilla/5.0 (compatible; DotBot/1.2; +https://opensiteexplorer.org/dotbot; help@moz.com)"
173.208.240.82 - - [28/May/2026:06:12:17 +0300] "GET /cf1988 HTTP/1.1" 200 134 "-" "Mozilla/5.0 (Windows NT 10.0; Win64; x64) AppleWebKit/537.36"
216.244.66.201 - - [28/May/2026:06:12:40 +0300] "GET /tag/%D8%A3%D8%AB%D8%A7%D8%AB-%D8%AE%D8%A7%D8%B1%D8%AC%D9%8A/feed/ HTTP/1.1" 200 110036 "-" "Mozilla/5.0 (compatible; DotBot/1.2; +https://opensiteexplorer.org/dotbot; help@moz.com)"
216.244.66.201 - - [28/May/2026:06:13:30 +0300] "GET /2026/05/20/online-betting-134/feed/ HTTP/1.1" 200 110036 "-" "Mozilla/5.0 (compatible; DotBot/1.2; +https://opensiteexplorer.org/dotbot; help@moz.com)"
216.244.66.201 - - [28/May/2026:06:14:21 +0300] "GET /product/%D8%BA%D8%B1%D9%81%D8%A9-%D9%86%D9%88%D9%85-%D9%81%D9%84%D9%8A%D9%83%D8%B3-2/feed/ HTTP/1.1" 200 110036 "-" "Mozilla/5.0 (compatible; DotBot/1.2; +https://opensiteexplorer.org/dotbot; help@moz.com)"
134.209.182.36 - - [28/May/2026:06:15:06 +0300] "POST /wp-login.php HTTP/1.1" 200 109950 "-" "Mozilla/5.0"
216.244.66.201 - - [28/May/2026:06:15:11 +0300] "GET /product-category/bed-rooms/?product-page=1&add-to-cart=7629 HTTP/1.1" 200 110036 "-" "Mozilla/5.0 (compatible; DotBot/1.2; +https://opensiteexplorer.org/dotbot; help@moz.com)"
216.244.66.201 - - [28/May/2026:06:16:02 +0300] "GET /product-category/youth-rooms-2/?product-page=1&add-to-cart=5911 HTTP/1.1" 200 110036 "-" "Mozilla/5.0 (compatible; DotBot/1.2; +https://opensiteexplorer.org/dotbot; help@moz.com)"
173.208.240.82 - - [28/May/2026:06:17:04 +0300] "GET /cf1988 HTTP/1.1" 200 134 "-" "Mozilla/5.0 (Windows NT 10.0; Win64; x64) AppleWebKit/537.36"
134.209.182.36 - - [28/May/2026:06:21:26 +0300] "POST /wp-login.php HTTP/1.1" 200 109950 "-" "Mozilla/5.0"
173.208.240.82 - - [28/May/2026:06:22:06 +0300] "GET /cf1988 HTTP/1.1" 200 134 "-" "Mozilla/5.0 (Windows NT 10.0; Win64; x64) AppleWebKit/537.36"
173.208.240.82 - - [28/May/2026:06:27:03 +0300] "GET /cf1988 HTTP/1.1" 200 134 "-" "Mozilla/5.0 (Windows NT 10.0; Win64; x64) AppleWebKit/537.36"
134.209.182.36 - - [28/May/2026:06:28:07 +0300] "POST /wp-login.php HTTP/1.1" 508 288 "-" "Mozilla/5.0"
173.208.240.82 - - [28/May/2026:06:31:26 +0300] "GET /cf1988 HTTP/1.1" 200 134 "-" "Mozilla/5.0 (Windows NT 10.0; Win64; x64) AppleWebKit/537.36"
54.37.252.46 - - [28/May/2026:06:34:21 +0300] "GET /robots.txt HTTP/1.1" 200 110036 "-" "Mozilla/5.0 (compatible; MJ12bot/v1.4.8; http://mj12bot.com/)"
54.37.252.46 - - [28/May/2026:06:34:34 +0300] "GET /?edit=/home/eldalyfu/public_html/php.ini&path=/home/eldalyfu/public_html HTTP/1.1" 200 1296 "-" "Mozilla/5.0 (compatible; MJ12bot/v1.4.8; http://mj12bot.com/)"
134.209.182.36 - - [28/May/2026:06:35:51 +0300] "POST /wp-login.php HTTP/1.1" 508 288 "-" "Mozilla/5.0"
173.208.240.82 - - [28/May/2026:06:36:35 +0300] "GET /cf1988 HTTP/1.1" 200 134 "-" "Mozilla/5.0 (Windows NT 10.0; Win64; x64) AppleWebKit/537.36"
173.208.240.82 - - [28/May/2026:06:41:27 +0300] "GET /cf1988 HTTP/1.1" 200 134 "-" "Mozilla/5.0 (Windows NT 10.0; Win64; x64) AppleWebKit/537.36"
134.209.182.36 - - [28/May/2026:06:43:41 +0300] "POST /wp-login.php HTTP/1.1" 200 109950 "-" "Mozilla/5.0"
66.249.69.162 - - [28/May/2026:06:44:27 +0300] "GET /robots.txt HTTP/1.1" 200 6692 "-" "Mozilla/5.0 (compatible; Googlebot/2.1; +http://www.google.com/bot.html)"
66.249.69.162 - - [28/May/2026:06:45:26 +0300] "GET / HTTP/1.1" 200 6692 "-" "Mozilla/5.0 (Linux; Android 6.0.1; Nexus 5X Build/MMB29P) AppleWebKit/537.36 (KHTML, like Gecko) Chrome/148.0.7778.96 Mobile Safari/537.36 (compatible; Googlebot/2.1; +http://www.google.com/bot.html)"
173.208.240.82 - - [28/May/2026:06:46:31 +0300] "GET /cf1988 HTTP/1.1" 200 134 "-" "Mozilla/5.0 (Windows NT 10.0; Win64; x64) AppleWebKit/537.36"
216.244.66.201 - - [28/May/2026:06:49:19 +0300] "GET /robots.txt HTTP/1.1" 200 110036 "-" "Mozilla/5.0 (compatible; DotBot/1.2; +https://opensiteexplorer.org/dotbot; help@moz.com)"
173.208.240.82 - - [28/May/2026:06:51:31 +0300] "GET /cf1988 HTTP/1.1" 200 134 "-" "Mozilla/5.0 (Windows NT 10.0; Win64; x64) AppleWebKit/537.36"
134.209.182.36 - - [28/May/2026:06:51:41 +0300] "POST /wp-login.php HTTP/1.1" 200 109950 "-" "Mozilla/5.0"
173.208.240.82 - - [28/May/2026:06:56:47 +0300] "GET /cf1988 HTTP/1.1" 200 134 "-" "Mozilla/5.0 (Windows NT 10.0; Win64; x64) AppleWebKit/537.36"
134.209.182.36 - - [28/May/2026:06:59:52 +0300] "POST /wp-login.php HTTP/1.1" 200 109950 "-" "Mozilla/5.0"
173.208.240.82 - - [28/May/2026:07:01:25 +0300] "GET /cf1988 HTTP/1.1" 200 134 "-" "Mozilla/5.0 (Windows NT 10.0; Win64; x64) AppleWebKit/537.36"
173.208.240.82 - - [28/May/2026:07:06:32 +0300] "GET /cf1988 HTTP/1.1" 200 134 "-" "Mozilla/5.0 (Windows NT 10.0; Win64; x64) AppleWebKit/537.36"
134.209.182.36 - - [28/May/2026:07:08:11 +0300] "POST /wp-login.php HTTP/1.1" 200 109950 "-" "Mozilla/5.0"
173.208.240.82 - - [28/May/2026:07:11:33 +0300] "GET /cf1988 HTTP/1.1" 200 134 "-" "Mozilla/5.0 (Windows NT 10.0; Win64; x64) AppleWebKit/537.36"
134.209.182.36 - - [28/May/2026:07:15:50 +0300] "POST /wp-login.php HTTP/1.1" 200 109950 "-" "Mozilla/5.0"
173.208.240.82 - - [28/May/2026:07:16:34 +0300] "GET /cf1988 HTTP/1.1" 200 134 "-" "Mozilla/5.0 (Windows NT 10.0; Win64; x64) AppleWebKit/537.36"
173.208.240.82 - - [28/May/2026:07:21:29 +0300] "GET /cf1988 HTTP/1.1" 200 134 "-" "Mozilla/5.0 (Windows NT 10.0; Win64; x64) AppleWebKit/537.36"
134.209.182.36 - - [28/May/2026:07:23:45 +0300] "POST /wp-login.php HTTP/1.1" 200 109950 "-" "Mozilla/5.0"
173.208.240.82 - - [28/May/2026:07:26:29 +0300] "GET /cf1988 HTTP/1.1" 200 134 "-" "Mozilla/5.0 (Windows NT 10.0; Win64; x64) AppleWebKit/537.36"
173.208.240.82 - - [28/May/2026:07:31:29 +0300] "GET /cf1988 HTTP/1.1" 200 134 "-" "Mozilla/5.0 (Windows NT 10.0; Win64; x64) AppleWebKit/537.36"
134.209.182.36 - - [28/May/2026:07:32:16 +0300] "POST /wp-login.php HTTP/1.1" 200 109950 "-" "Mozilla/5.0"
216.244.66.201 - - [28/May/2026:07:34:19 +0300] "GET /robots.txt HTTP/1.1" 200 110036 "-" "Mozilla/5.0 (compatible; DotBot/1.2; +https://opensiteexplorer.org/dotbot; help@moz.com)"
173.208.240.82 - - [28/May/2026:07:36:38 +0300] "GET /cf1988 HTTP/1.1" 200 134 "-" "Mozilla/5.0 (Windows NT 10.0; Win64; x64) AppleWebKit/537.36"
216.244.66.201 - - [28/May/2026:07:40:02 +0300] "GET /2026/05/18/ HTTP/1.1" 200 110036 "-" "Mozilla/5.0 (compatible; DotBot/1.2; +https://opensiteexplorer.org/dotbot; help@moz.com)"
216.244.66.201 - - [28/May/2026:07:40:46 +0300] "GET /2026/05/17/hugo-casino-rask-spill-store-gevinster-din-guide-t/feed/ HTTP/1.1" 200 110036 "-" "Mozilla/5.0 (compatible; DotBot/1.2; +https://opensiteexplorer.org/dotbot; help@moz.com)"
173.208.240.82 - - [28/May/2026:07:41:26 +0300] "GET /cf1988 HTTP/1.1" 200 134 "-" "Mozilla/5.0 (Windows NT 10.0; Win64; x64) AppleWebKit/537.36"
216.244.66.201 - - [28/May/2026:07:42:44 +0300] "GET /product-category/dining-rooms/?product-page=2 HTTP/1.1" 200 110036 "-" "Mozilla/5.0 (compatible; DotBot/1.2; +https://opensiteexplorer.org/dotbot; help@moz.com)"
134.209.182.36 - - [28/May/2026:07:46:08 +0300] "POST /wp-login.php HTTP/1.1" 200 109950 "-" "Mozilla/5.0"
173.208.240.82 - - [28/May/2026:07:46:35 +0300] "GET /cf1988 HTTP/1.1" 200 134 "-" "Mozilla/5.0 (Windows NT 10.0; Win64; x64) AppleWebKit/537.36"
51.75.128.81 - - [28/May/2026:07:48:34 +0300] "GET /robots.txt HTTP/1.1" 200 110036 "-" "Mozilla/5.0 (compatible; MJ12bot/v1.4.8; http://mj12bot.com/)"
51.75.128.81 - - [28/May/2026:07:49:03 +0300] "GET /?edit=/home/eldalyfu/public_html/readme.html&path=/home/eldalyfu/public_html HTTP/1.1" 200 4029 "-" "Mozilla/5.0 (compatible; MJ12bot/v1.4.8; http://mj12bot.com/)"
173.208.240.82 - - [28/May/2026:07:51:31 +0300] "GET /cf1988 HTTP/1.1" 200 134 "-" "Mozilla/5.0 (Windows NT 10.0; Win64; x64) AppleWebKit/537.36"
173.208.240.82 - - [28/May/2026:07:56:31 +0300] "GET /cf1988 HTTP/1.1" 200 134 "-" "Mozilla/5.0 (Windows NT 10.0; Win64; x64) AppleWebKit/537.36"
134.209.182.36 - - [28/May/2026:08:00:36 +0300] "POST /wp-login.php HTTP/1.1" 200 109950 "-" "Mozilla/5.0"
173.208.240.82 - - [28/May/2026:08:01:31 +0300] "GET /cf1988 HTTP/1.1" 200 134 "-" "Mozilla/5.0 (Windows NT 10.0; Win64; x64) AppleWebKit/537.36"
173.208.240.82 - - [28/May/2026:08:06:31 +0300] "GET /cf1988 HTTP/1.1" 200 134 "-" "Mozilla/5.0 (Windows NT 10.0; Win64; x64) AppleWebKit/537.36"
173.208.240.82 - - [28/May/2026:08:11:33 +0300] "GET /cf1988 HTTP/1.1" 200 134 "-" "Mozilla/5.0 (Windows NT 10.0; Win64; x64) AppleWebKit/537.36"
134.209.182.36 - - [28/May/2026:08:15:15 +0300] "POST /wp-login.php HTTP/1.1" 200 109950 "-" "Mozilla/5.0"
173.208.240.82 - - [28/May/2026:08:16:29 +0300] "GET /cf1988 HTTP/1.1" 200 134 "-" "Mozilla/5.0 (Windows NT 10.0; Win64; x64) AppleWebKit/537.36"
216.244.66.201 - - [28/May/2026:08:19:25 +0300] "GET /robots.txt HTTP/1.1" 200 110036 "-" "Mozilla/5.0 (compatible; DotBot/1.2; +https://opensiteexplorer.org/dotbot; help@moz.com)"
173.208.240.82 - - [28/May/2026:08:21:29 +0300] "GET /cf1988 HTTP/1.1" 200 134 "-" "Mozilla/5.0 (Windows NT 10.0; Win64; x64) AppleWebKit/537.36"
173.208.240.82 - - [28/May/2026:08:26:27 +0300] "GET /cf1988 HTTP/1.1" 200 134 "-" "Mozilla/5.0 (Windows NT 10.0; Win64; x64) AppleWebKit/537.36"
134.209.182.36 - - [28/May/2026:08:29:33 +0300] "POST /wp-login.php HTTP/1.1" 200 109950 "-" "Mozilla/5.0"
